{"id":263,"date":"2021-10-22T15:29:05","date_gmt":"2021-10-22T12:29:05","guid":{"rendered":"https:\/\/aboanalytics.wordpress.com\/?page_id=263"},"modified":"2023-08-29T23:07:13","modified_gmt":"2023-08-29T20:07:13","slug":"talkootyo","status":"publish","type":"page","link":"https:\/\/vihti-gym.fi\/index.php\/talkootyo\/","title":{"rendered":"Talkooty\u00f6"},"content":{"rendered":"\n<h1 class=\"wp-block-heading\">Liikuntaseura Vihti-Gym py\u00f6rii vapaaehtoisvoimin<br>&nbsp;<\/h1>\n\n\n\n<p>Jotta jumppaajat voivat keskitty\u00e4 omaan toimintaansa, tarvitaan osaava joukko muita taustahenkil\u00f6it\u00e4, jotka organisoivat seuraty\u00f6h\u00f6n liittyvi\u00e4 asioita. Seuran vastuuhenkil\u00f6ille kuuluvat seuraavat asiat:<\/p>\n\n\n\n<ul class=\"wp-block-list\"><li>Salivuorojen j\u00e4rjesteleminen<\/li><li>Ohjaajien rekrytointi ja perehdytys<\/li><li>Talouden hoito<\/li><li>Koulutuksien j\u00e4rjest\u00e4minen<\/li><li>Tapahtumien organisointi<\/li><li>Kaikkien muiden juoksevien asioiden hoitaminen<\/li><li>Markkinointi ja tiedottaminen<\/li><li>Yhteisty\u00f6kumppanit<\/li><\/ul>\n\n\n\n<p>Toiminnan j\u00e4rjest\u00e4minen vaatii ison osan aktiivisten johtokunnan ja&nbsp; j\u00e4senten toiminnasta, mutta kyse on hauskasta harrastuksesta samanhenkisten ihmisten kanssa. Hyv\u00e4 yhteishenki ja vapaa-ehtoisuus toimivat kantavina voimina.<\/p>\n\n\n\n<p>Urheiluseura on juridinen yksikk\u00f6, joka tarvitsee viralliset vastuuhenkil\u00f6t ja johtokunnan. Johtokunta edustaa seuraa mm. kuntaan ja valtakunnallisiin liittoihin.<\/p>\n\n\n\n<p>Lis\u00e4ksi erilaisten tapahtumien yhteydess\u00e4 tarvitaan monien talkoolaisten apua.<\/p>\n","protected":false},"excerpt":{"rendered":"<p>Liikuntaseura Vihti-Gym py\u00f6rii vapaaehtoisvoimin&nbsp; Jotta jumppaajat voivat keskitty\u00e4 omaan toimintaansa, tarvitaan osaava joukko muita taustahenkil\u00f6it\u00e4, jotka organisoivat seuraty\u00f6h\u00f6n liittyvi\u00e4 asioita. Seuran vastuuhenkil\u00f6ille kuuluvat seuraavat asiat: Salivuorojen j\u00e4rjesteleminen Ohjaajien rekrytointi ja perehdytys Talouden hoito Koulutuksien j\u00e4rjest\u00e4minen Tapahtumien organisointi Kaikkien muiden juoksevien asioiden hoitaminen Markkinointi ja tiedottaminen Yhteisty\u00f6kumppanit Toiminnan j\u00e4rjest\u00e4minen vaatii ison osan aktiivisten johtokunnan ja&nbsp; j\u00e4senten [&hellip;]<\/p>\n","protected":false},"author":2,"featured_media":0,"parent":0,"menu_order":0,"comment_status":"closed","ping_status":"closed","template":"","meta":{"site-sidebar-layout":"default","site-content-layout":"","ast-site-content-layout":"default","site-content-style":"default","site-sidebar-style":"default","ast-global-header-display":"","ast-banner-title-visibility":"","ast-main-header-display":"","ast-hfb-above-header-display":"","ast-hfb-below-header-display":"","ast-hfb-mobile-header-display":"","site-post-title":"","ast-breadcrumbs-content":"","ast-featured-img":"","footer-sml-layout":"","ast-disable-related-posts":"","theme-transparent-header-meta":"","adv-header-id-meta":"","stick-header-meta":"","header-above-stick-meta":"","header-main-stick-meta":"","header-below-stick-meta":"","astra-migrate-meta-layouts":"default","ast-page-background-enabled":"default","ast-page-background-meta":{"desktop":{"background-color":"var(--ast-global-color-4)","background-image":"","background-repeat":"repeat","background-position":"center center","background-size":"auto","background-attachment":"scroll","background-type":"","background-media":"","overlay-type":"","overlay-color":"","overlay-opacity":"","overlay-gradient":""},"tablet":{"background-color":"","background-image":"","background-repeat":"repeat","background-position":"center center","background-size":"auto","background-attachment":"scroll","background-type":"","background-media":"","overlay-type":"","overlay-color":"","overlay-opacity":"","overlay-gradient":""},"mobile":{"background-color":"","background-image":"","background-repeat":"repeat","background-position":"center center","background-size":"auto","background-attachment":"scroll","background-type":"","background-media":"","overlay-type":"","overlay-color":"","overlay-opacity":"","overlay-gradient":""}},"ast-content-background-meta":{"desktop":{"background-color":"var(--ast-global-color-5)","background-image":"","background-repeat":"repeat","background-position":"center center","background-size":"auto","background-attachment":"scroll","background-type":"","background-media":"","overlay-type":"","overlay-color":"","overlay-opacity":"","overlay-gradient":""},"tablet":{"background-color":"var(--ast-global-color-5)","background-image":"","background-repeat":"repeat","background-position":"center center","background-size":"auto","background-attachment":"scroll","background-type":"","background-media":"","overlay-type":"","overlay-color":"","overlay-opacity":"","overlay-gradient":""},"mobile":{"background-color":"var(--ast-global-color-5)","background-image":"","background-repeat":"repeat","background-position":"center center","background-size":"auto","background-attachment":"scroll","background-type":"","background-media":"","overlay-type":"","overlay-color":"","overlay-opacity":"","overlay-gradient":""}},"footnotes":""},"class_list":["post-263","page","type-page","status-publish","hentry"],"_links":{"self":[{"href":"https:\/\/vihti-gym.fi\/index.php\/wp-json\/wp\/v2\/pages\/263","targetHints":{"allow":["GET"]}}],"collection":[{"href":"https:\/\/vihti-gym.fi\/index.php\/wp-json\/wp\/v2\/pages"}],"about":[{"href":"https:\/\/vihti-gym.fi\/index.php\/wp-json\/wp\/v2\/types\/page"}],"author":[{"embeddable":true,"href":"https:\/\/vihti-gym.fi\/index.php\/wp-json\/wp\/v2\/users\/2"}],"replies":[{"embeddable":true,"href":"https:\/\/vihti-gym.fi\/index.php\/wp-json\/wp\/v2\/comments?post=263"}],"version-history":[{"count":1,"href":"https:\/\/vihti-gym.fi\/index.php\/wp-json\/wp\/v2\/pages\/263\/revisions"}],"predecessor-version":[{"id":1740,"href":"https:\/\/vihti-gym.fi\/index.php\/wp-json\/wp\/v2\/pages\/263\/revisions\/1740"}],"wp:attachment":[{"href":"https:\/\/vihti-gym.fi\/index.php\/wp-json\/wp\/v2\/media?parent=263"}],"curies":[{"name":"wp","href":"https:\/\/api.w.org\/{rel}","templated":true}]}}