{"id":2605,"date":"2025-11-21T08:30:33","date_gmt":"2025-11-21T06:30:33","guid":{"rendered":"https:\/\/vihti-gym.fi\/?page_id=2605"},"modified":"2025-11-21T08:30:33","modified_gmt":"2025-11-21T06:30:33","slug":"tanssillisen-voimistelun-cup-2-kilpailu-29-11-2025","status":"publish","type":"page","link":"https:\/\/vihti-gym.fi\/index.php\/tanssillisen-voimistelun-cup-2-kilpailu-29-11-2025\/","title":{"rendered":"Tanssillisen voimistelun cup 2 -kilpailu 29.11.2025"},"content":{"rendered":"\n<figure class=\"wp-block-image size-large\"><img loading=\"lazy\" decoding=\"async\" width=\"1024\" height=\"513\" src=\"https:\/\/vihti-gym.fi\/wp-content\/uploads\/2025\/11\/lataus-2-1024x513.png\" alt=\"\" class=\"wp-image-2606\" srcset=\"https:\/\/vihti-gym.fi\/wp-content\/uploads\/2025\/11\/lataus-2-1024x513.png 1024w, https:\/\/vihti-gym.fi\/wp-content\/uploads\/2025\/11\/lataus-2-300x150.png 300w, https:\/\/vihti-gym.fi\/wp-content\/uploads\/2025\/11\/lataus-2-768x385.png 768w, https:\/\/vihti-gym.fi\/wp-content\/uploads\/2025\/11\/lataus-2-1536x769.png 1536w, https:\/\/vihti-gym.fi\/wp-content\/uploads\/2025\/11\/lataus-2-2048x1026.png 2048w\" sizes=\"auto, (max-width: 1024px) 100vw, 1024px\" \/><\/figure>\n\n\n\n<h3 class=\"wp-block-heading\">Tervetuloa Tanssillisen voimistelun Cup 2 -kilpailuun 29.11. Vihtiin!<\/h3>\n\n\n\n<h3 class=\"wp-block-heading\">Kilpailupaikka<\/h3>\n\n\n\n<p>Nummelanharjun koulu, Hiidenvedentie 3, 03100 Nummela\u00a0<\/p>\n\n\n\n<p>Huoltajien ja kannustajien tulee ostaa p\u00e4\u00e4sylippu. <\/p>\n\n\n\n<h3 class=\"wp-block-heading\">Yleis\u00f6<\/h3>\n\n\n\n<p>Yleis\u00f6lle liput tulevat myyntiin 10.11.2025. Lippuja voi ostaa&nbsp;<a href=\"https:\/\/kide.app\/events\/27d3d3f1-fedd-4fd7-9c17-ff5b4d8162ae\" rel=\"noreferrer noopener\" target=\"_blank\">t\u00e4\u00e4lt\u00e4<\/a>.<\/p>\n\n\n\n<p>Lippujen hinnat:<\/p>\n\n\n\n<ul class=\"wp-block-list\">\n<li>Ennakkoon ostetut liput: aikuinen\/yli 15v &#8211; 14\u20ac, alle 15v &#8211; 7\u20ac<\/li>\n\n\n\n<li>Ennakkomyynti sulkeutuu 28.11.2025<\/li>\n\n\n\n<li>Paikan p\u00e4\u00e4ll\u00e4 myyd\u00e4\u00e4n lippuja mik\u00e4li lippuja j\u00e4ljell\u00e4, hinnat aikuinen\/yli 15v &#8211; 15\u20ac, alle 15v &#8211; 8\u20ac\u00a0\u00a0<\/li>\n\n\n\n<li>Sylilapset alle 2v ilmaiseksi\u00a0\u00a0<\/li>\n<\/ul>\n\n\n\n<h3 class=\"wp-block-heading\">Pys\u00e4k\u00f6inti<\/h3>\n\n\n\n<p>Nummelanharjun koulun l\u00e4heisyydess\u00e4 on runsaasti pys\u00e4k\u00f6intitilaa. Huomioithan, ett\u00e4 p\u00e4\u00e4sis\u00e4\u00e4nk\u00e4ynnin eteen ei saa pys\u00e4k\u00f6id\u00e4, ja pelastustie tulee s\u00e4ilytt\u00e4\u00e4 vapaana. Samalla alueella on my\u00f6s uimahalli, huomioidaan heille varatut asiakaspaikat my\u00f6s.&nbsp;<\/p>\n\n\n\n<h3 class=\"wp-block-heading\">Aikataulut<\/h3>\n\n\n\n<p>Kilpailup\u00e4iv\u00e4n aikataulun l\u00f6yd\u00e4t <a href=\"https:\/\/kisanet.fi\/#\/event\/details\/4065\/summary\" data-type=\"link\" data-id=\"https:\/\/kisanet.fi\/#\/event\/details\/4065\/summary\">kisanetist\u00e4.<\/a><\/p>\n\n\n\n<h3 class=\"wp-block-heading\">Palkintojenjako<\/h3>\n\n\n\n<p>Kilpailun mitalien jako j\u00e4rjestet\u00e4\u00e4n blokkien v\u00e4liss\u00e4 tauolla sek\u00e4 kilpailun p\u00e4\u00e4tytty\u00e4. Ensimm\u00e4isen blokin joukkueet palkitaan heti ensimm\u00e4isen blokin p\u00e4\u00e4tytty\u00e4 ja toisen blokin joukkueet heti kilpailun p\u00e4\u00e4tytty\u00e4.<\/p>\n\n\n\n<h3 class=\"wp-block-heading\">Katsomo<\/h3>\n\n\n\n<p>Yl\u00e4katsomo ja osa alakatsomosta on varattu p\u00e4\u00e4sylipun ostaneille sek\u00e4 tuomareille. Katsomossa liikkuminen suoritusten aikana on kielletty.\u00a0<\/p>\n\n\n\n<h3 class=\"wp-block-heading\">Kahvio<\/h3>\n\n\n\n<p>Koko kilpailup\u00e4iv\u00e4n palvelee kisakahvio, josta voi ostaa muun muassa suolaista ja makeaa purtavaa sek\u00e4 kahvia ja teet\u00e4. Kahviossa maksu kortilla, mobilepaylla tai k\u00e4teisell\u00e4. Kahvio sijaitsee koulun ruokalassa.<\/p>\n\n\n\n<h3 class=\"wp-block-heading\">L\u00f6yt\u00e4tavarat<\/h3>\n\n\n\n<p>Kilpailun aikana l\u00f6yt\u00f6tavaroita voi tiedustella kisakansliasta. Kilpailun j\u00e4lkeen kyselyt osoitteeseen toimisto@vihti-gym.fi .<\/p>\n\n\n\n<h3 class=\"wp-block-heading\">Ensiapu&nbsp;<\/h3>\n\n\n\n<p>Ensiapupiste on paikalla koko kilpailup\u00e4iv\u00e4n ajan kilpailualueen l\u00e4heisyydess\u00e4 ja siell\u00e4 hoidetaan kisap\u00e4iv\u00e4n aikana sattuneita vammoja. Toivomme, ett\u00e4 mahdollisten aiempien vammojen hoitoon varattaisiin ensiaputarvikkeet itse mukaan.<\/p>\n\n\n\n<h3 class=\"wp-block-heading\">Valokuvaus<\/h3>\n\n\n\n<p>Kilpailujen aikana otetaan valokuvia, joita k\u00e4ytet\u00e4\u00e4n mm. tapahtuman aikaisessa sosiaalisen median viestinn\u00e4ss\u00e4 sek\u00e4 j\u00e4rjest\u00e4v\u00e4n seuran omassa markkinoinnissa. Ilmoittautumalla kilpailuihin ja tekem\u00e4ll\u00e4 osanoton varmistuksen kilpailupaikalla, kilpailuun osallistuja antaa luvan kuvaamiseen ja kuvien sek\u00e4 videoiden k\u00e4ytt\u00e4miseen seuran sosiaalisen median kanavissa. (EU:n yleinen tietosuoja-asetus (2016\/679))<\/p>\n\n\n\n<h3 class=\"wp-block-heading\">Seuraa kisatunnelmia somessa<\/h3>\n\n\n\n<p>Ota @liikuntaseura_vihti_gym -tili seurantaan Instagramissa!<\/p>\n\n\n\n<p>Tilille p\u00e4ivitet\u00e4\u00e4n kilpailuun liittyvi\u00e4 ajankohtaisia infoja ja tunnelmia kuten esim. kuvausta l\u00e4mmittelyputkesta ja kisap\u00e4iv\u00e4n kulusta.<\/p>\n\n\n\n<h3 class=\"wp-block-heading\">L\u00e4mpim\u00e4sti tervetuloa Vihtiin!<\/h3>\n","protected":false},"excerpt":{"rendered":"<p>Tervetuloa Tanssillisen voimistelun Cup 2 -kilpailuun 29.11. Vihtiin! Kilpailupaikka Nummelanharjun koulu, Hiidenvedentie 3, 03100 Nummela\u00a0 Huoltajien ja kannustajien tulee ostaa p\u00e4\u00e4sylippu. Yleis\u00f6 Yleis\u00f6lle liput tulevat myyntiin 10.11.2025. Lippuja voi ostaa&nbsp;t\u00e4\u00e4lt\u00e4. Lippujen hinnat: Pys\u00e4k\u00f6inti Nummelanharjun koulun l\u00e4heisyydess\u00e4 on runsaasti pys\u00e4k\u00f6intitilaa. Huomioithan, ett\u00e4 p\u00e4\u00e4sis\u00e4\u00e4nk\u00e4ynnin eteen ei saa pys\u00e4k\u00f6id\u00e4, ja pelastustie tulee s\u00e4ilytt\u00e4\u00e4 vapaana. Samalla alueella on my\u00f6s [&hellip;]<\/p>\n","protected":false},"author":13,"featured_media":0,"parent":0,"menu_order":0,"comment_status":"closed","ping_status":"closed","template":"","meta":{"site-sidebar-layout":"default","site-content-layout":"","ast-site-content-layout":"default","site-content-style":"default","site-sidebar-style":"default","ast-global-header-display":"","ast-banner-title-visibility":"","ast-main-header-display":"","ast-hfb-above-header-display":"","ast-hfb-below-header-display":"","ast-hfb-mobile-header-display":"","site-post-title":"","ast-breadcrumbs-content":"","ast-featured-img":"","footer-sml-layout":"","ast-disable-related-posts":"","theme-transparent-header-meta":"","adv-header-id-meta":"","stick-header-meta":"","header-above-stick-meta":"","header-main-stick-meta":"","header-below-stick-meta":"","astra-migrate-meta-layouts":"set","ast-page-background-enabled":"default","ast-page-background-meta":{"desktop":{"background-color":"var(--ast-global-color-4)","background-image":"","background-repeat":"repeat","background-position":"center center","background-size":"auto","background-attachment":"scroll","background-type":"","background-media":"","overlay-type":"","overlay-color":"","overlay-opacity":"","overlay-gradient":""},"tablet":{"background-color":"","background-image":"","background-repeat":"repeat","background-position":"center center","background-size":"auto","background-attachment":"scroll","background-type":"","background-media":"","overlay-type":"","overlay-color":"","overlay-opacity":"","overlay-gradient":""},"mobile":{"background-color":"","background-image":"","background-repeat":"repeat","background-position":"center center","background-size":"auto","background-attachment":"scroll","background-type":"","background-media":"","overlay-type":"","overlay-color":"","overlay-opacity":"","overlay-gradient":""}},"ast-content-background-meta":{"desktop":{"background-color":"var(--ast-global-color-5)","background-image":"","background-repeat":"repeat","background-position":"center center","background-size":"auto","background-attachment":"scroll","background-type":"","background-media":"","overlay-type":"","overlay-color":"","overlay-opacity":"","overlay-gradient":""},"tablet":{"background-color":"var(--ast-global-color-5)","background-image":"","background-repeat":"repeat","background-position":"center center","background-size":"auto","background-attachment":"scroll","background-type":"","background-media":"","overlay-type":"","overlay-color":"","overlay-opacity":"","overlay-gradient":""},"mobile":{"background-color":"var(--ast-global-color-5)","background-image":"","background-repeat":"repeat","background-position":"center center","background-size":"auto","background-attachment":"scroll","background-type":"","background-media":"","overlay-type":"","overlay-color":"","overlay-opacity":"","overlay-gradient":""}},"footnotes":""},"class_list":["post-2605","page","type-page","status-publish","hentry"],"_links":{"self":[{"href":"https:\/\/vihti-gym.fi\/index.php\/wp-json\/wp\/v2\/pages\/2605","targetHints":{"allow":["GET"]}}],"collection":[{"href":"https:\/\/vihti-gym.fi\/index.php\/wp-json\/wp\/v2\/pages"}],"about":[{"href":"https:\/\/vihti-gym.fi\/index.php\/wp-json\/wp\/v2\/types\/page"}],"author":[{"embeddable":true,"href":"https:\/\/vihti-gym.fi\/index.php\/wp-json\/wp\/v2\/users\/13"}],"replies":[{"embeddable":true,"href":"https:\/\/vihti-gym.fi\/index.php\/wp-json\/wp\/v2\/comments?post=2605"}],"version-history":[{"count":1,"href":"https:\/\/vihti-gym.fi\/index.php\/wp-json\/wp\/v2\/pages\/2605\/revisions"}],"predecessor-version":[{"id":2607,"href":"https:\/\/vihti-gym.fi\/index.php\/wp-json\/wp\/v2\/pages\/2605\/revisions\/2607"}],"wp:attachment":[{"href":"https:\/\/vihti-gym.fi\/index.php\/wp-json\/wp\/v2\/media?parent=2605"}],"curies":[{"name":"wp","href":"https:\/\/api.w.org\/{rel}","templated":true}]}}