{"id":241,"date":"2021-10-22T15:13:14","date_gmt":"2021-10-22T12:13:14","guid":{"rendered":"https:\/\/aboanalytics.wordpress.com\/?page_id=241"},"modified":"2024-07-22T21:47:48","modified_gmt":"2024-07-22T18:47:48","slug":"joukkueenjohtajat-ja-huoltajat","status":"publish","type":"page","link":"https:\/\/vihti-gym.fi\/index.php\/joukkueenjohtajat-ja-huoltajat\/","title":{"rendered":"Joukkueenjohtajat ja huoltajat"},"content":{"rendered":"\n<h2 class=\"wp-block-heading\">Joukkueenjohtajat eli JOJOt<\/h2>\n\n\n\n<p>Jokaisella voimistelujoukkueella on oma joukkueenjohtajansa, jojo. Jojon p\u00e4\u00e4teht\u00e4v\u00e4n\u00e4 on tiedottaa joukkueen toisille vanhemmille ajankohtaisista asioista ja toimia&nbsp;valmentajien tukena joukkueen asioiden hoidossa. Kisakauden alussa jojo laatii yhteystietolistan ja huolehtii sen p\u00e4ivitt\u00e4misest\u00e4 kauden aikana. H\u00e4n voi my\u00f6s osallistua budjetin tekoon valmentajien toiveesta, lis\u00e4ksi joukkueessa on usein erillinen budjettivastaava.<\/p>\n\n\n\n<p>Jojo hoitaa kuljetukset&nbsp;kisoihin ja tiedottaa joukkuetta l\u00e4ht\u00f6ajoista ja -paikoista.&nbsp;<\/p>\n\n\n\n<p>Jojo vastaa talkoov\u00e4en j\u00e4rjest\u00e4misest\u00e4 seuran tapahtumiin oman joukkueen osalta. H\u00e4n on my\u00f6s joukkueen vuorolla vastuussa buffetista ja arpajaisista.&nbsp;<\/p>\n\n\n\n<h2 class=\"wp-block-heading\">Huoltajat kisamatkoilla<\/h2>\n\n\n\n<p>Huoltajien lukum\u00e4\u00e4r\u00e4 on jokaisen ryhm\u00e4n valmentajan p\u00e4\u00e4tett\u00e4viss\u00e4.<\/p>\n\n\n\n<p>Huoltajan vastuu alkaa matkan alkaessa ja p\u00e4\u00e4ttyy vasta kotimatkan p\u00e4\u00e4tytty\u00e4.<\/p>\n\n\n\n<p>Huoltajan vastuulla on, ett\u00e4 matkat kisapaikalla sujuvat turvallisesti.<\/p>\n\n\n\n<p>Huoltaja huolehtii p\u00e4iv\u00e4n aikataulusta eli ett\u00e4 tyt\u00f6t ovat oikeassa paikassa oikeaan aikaan.<\/p>\n\n\n\n<p>Onnettomuuden sattuessa huolehtii voimistelijan ensiapuun ja tiedottaa valmentajalle.<\/p>\n\n\n\n<p>Ruokailuissa pit\u00e4\u00e4 huolta siit\u00e4, ett\u00e4 kaikki saavat ruokaa ja my\u00f6s sy\u00f6v\u00e4t riitt\u00e4v\u00e4sti!<\/p>\n\n\n\n<p>S\u00e4ilytt\u00e4\u00e4 voimistelijoiden arvotavaroita kisap\u00e4iv\u00e4n aikana.<\/p>\n\n\n\n<p>Huoltajan vastuulla on katsoa, ett\u00e4 voimistelijat pit\u00e4v\u00e4t kiinni yleisest\u00e4 siisteydest\u00e4 ja k\u00e4ytt\u00e4ytyv\u00e4t muutenkin rehdin urheiluhengen mukaisesti.<\/p>\n\n\n\n<p>Huoltaja on kisoissa voimistelijaa varten, mutta antaa voimistelijalle ja valmentajalle rauhan keskitty\u00e4 suoritukseen! Huoltaja voi seurata kisaa katsomosta, l\u00e4mmittelytilat ovat voimistelijoille ja valmentajille.&nbsp;<\/p>\n","protected":false},"excerpt":{"rendered":"<p>Joukkueenjohtajat eli JOJOt Jokaisella voimistelujoukkueella on oma joukkueenjohtajansa, jojo. Jojon p\u00e4\u00e4teht\u00e4v\u00e4n\u00e4 on tiedottaa joukkueen toisille vanhemmille ajankohtaisista asioista ja toimia&nbsp;valmentajien tukena joukkueen asioiden hoidossa. Kisakauden alussa jojo laatii yhteystietolistan ja huolehtii sen p\u00e4ivitt\u00e4misest\u00e4 kauden aikana. H\u00e4n voi my\u00f6s osallistua budjetin tekoon valmentajien toiveesta, lis\u00e4ksi joukkueessa on usein erillinen budjettivastaava. Jojo hoitaa kuljetukset&nbsp;kisoihin ja tiedottaa joukkuetta [&hellip;]<\/p>\n","protected":false},"author":2,"featured_media":0,"parent":0,"menu_order":0,"comment_status":"closed","ping_status":"closed","template":"","meta":{"site-sidebar-layout":"default","site-content-layout":"","ast-site-content-layout":"default","site-content-style":"default","site-sidebar-style":"default","ast-global-header-display":"","ast-banner-title-visibility":"","ast-main-header-display":"","ast-hfb-above-header-display":"","ast-hfb-below-header-display":"","ast-hfb-mobile-header-display":"","site-post-title":"","ast-breadcrumbs-content":"","ast-featured-img":"","footer-sml-layout":"","ast-disable-related-posts":"","theme-transparent-header-meta":"","adv-header-id-meta":"","stick-header-meta":"","header-above-stick-meta":"","header-main-stick-meta":"","header-below-stick-meta":"","astra-migrate-meta-layouts":"set","ast-page-background-enabled":"default","ast-page-background-meta":{"desktop":{"background-color":"var(--ast-global-color-4)","background-image":"","background-repeat":"repeat","background-position":"center center","background-size":"auto","background-attachment":"scroll","background-type":"","background-media":"","overlay-type":"","overlay-color":"","overlay-opacity":"","overlay-gradient":""},"tablet":{"background-color":"","background-image":"","background-repeat":"repeat","background-position":"center center","background-size":"auto","background-attachment":"scroll","background-type":"","background-media":"","overlay-type":"","overlay-color":"","overlay-opacity":"","overlay-gradient":""},"mobile":{"background-color":"","background-image":"","background-repeat":"repeat","background-position":"center center","background-size":"auto","background-attachment":"scroll","background-type":"","background-media":"","overlay-type":"","overlay-color":"","overlay-opacity":"","overlay-gradient":""}},"ast-content-background-meta":{"desktop":{"background-color":"var(--ast-global-color-5)","background-image":"","background-repeat":"repeat","background-position":"center center","background-size":"auto","background-attachment":"scroll","background-type":"","background-media":"","overlay-type":"","overlay-color":"","overlay-opacity":"","overlay-gradient":""},"tablet":{"background-color":"var(--ast-global-color-5)","background-image":"","background-repeat":"repeat","background-position":"center center","background-size":"auto","background-attachment":"scroll","background-type":"","background-media":"","overlay-type":"","overlay-color":"","overlay-opacity":"","overlay-gradient":""},"mobile":{"background-color":"var(--ast-global-color-5)","background-image":"","background-repeat":"repeat","background-position":"center center","background-size":"auto","background-attachment":"scroll","background-type":"","background-media":"","overlay-type":"","overlay-color":"","overlay-opacity":"","overlay-gradient":""}},"footnotes":""},"class_list":["post-241","page","type-page","status-publish","hentry"],"_links":{"self":[{"href":"https:\/\/vihti-gym.fi\/index.php\/wp-json\/wp\/v2\/pages\/241","targetHints":{"allow":["GET"]}}],"collection":[{"href":"https:\/\/vihti-gym.fi\/index.php\/wp-json\/wp\/v2\/pages"}],"about":[{"href":"https:\/\/vihti-gym.fi\/index.php\/wp-json\/wp\/v2\/types\/page"}],"author":[{"embeddable":true,"href":"https:\/\/vihti-gym.fi\/index.php\/wp-json\/wp\/v2\/users\/2"}],"replies":[{"embeddable":true,"href":"https:\/\/vihti-gym.fi\/index.php\/wp-json\/wp\/v2\/comments?post=241"}],"version-history":[{"count":2,"href":"https:\/\/vihti-gym.fi\/index.php\/wp-json\/wp\/v2\/pages\/241\/revisions"}],"predecessor-version":[{"id":2080,"href":"https:\/\/vihti-gym.fi\/index.php\/wp-json\/wp\/v2\/pages\/241\/revisions\/2080"}],"wp:attachment":[{"href":"https:\/\/vihti-gym.fi\/index.php\/wp-json\/wp\/v2\/media?parent=241"}],"curies":[{"name":"wp","href":"https:\/\/api.w.org\/{rel}","templated":true}]}}