{"id":2368,"date":"2025-05-05T11:36:28","date_gmt":"2025-05-05T08:36:28","guid":{"rendered":"https:\/\/vihti-gym.fi\/?page_id=2368"},"modified":"2026-03-16T10:32:37","modified_gmt":"2026-03-16T08:32:37","slug":"kesaleiri-2025","status":"publish","type":"page","link":"https:\/\/vihti-gym.fi\/index.php\/kesaleiri-2025\/","title":{"rendered":"Kes\u00e4leiri 2026"},"content":{"rendered":"\n<p>Vihti-Gymin kes\u00e4leiri j\u00e4rjestet\u00e4\u00e4n taas juhannusviikolla ma 15.6.-to 18.6.2026!<\/p>\n\n\n\n<figure class=\"wp-block-image size-full\"><img loading=\"lazy\" decoding=\"async\" width=\"590\" height=\"831\" src=\"https:\/\/vihti-gym.fi\/wp-content\/uploads\/2026\/03\/vg-leiri.jpg\" alt=\"\" class=\"wp-image-2671\" srcset=\"https:\/\/vihti-gym.fi\/wp-content\/uploads\/2026\/03\/vg-leiri.jpg 590w, https:\/\/vihti-gym.fi\/wp-content\/uploads\/2026\/03\/vg-leiri-213x300.jpg 213w\" sizes=\"auto, (max-width: 590px) 100vw, 590px\" \/><\/figure>\n\n\n\n<p>Leiri on tarkoitettu 2014-2019 syntyneille lapsille ja sen aikana liikutaan monipuolisesti niin sis\u00e4ll\u00e4 kuin ulkona. P\u00e4ivien aikana tutustutaan my\u00f6s niin voimisteluun kuin cheerleadingiin.<\/p>\n\n\n\n<p>Leirin hinta on 130\u20ac per osallistuja. Hinta sis\u00e4lt\u00e4\u00e4 valvotun leiriajan 8-16 (ohjattua toimintaa 9-15), lounaan sek\u00e4 v\u00e4lipalan.<\/p>\n\n\n\n<p><strong>Leirille osallistujia ei ole vakuutettu seuran puolesta.<\/strong><\/p>\n\n\n\n<p>Ilmoittautuminen avautuu maanantaina 16.3. kello 16.00 MyClubissa. <a href=\"https:\/\/vihti-gym.myclub.fi\/flow\/courses\/10412834\">https:\/\/vihti-gym.myclub.fi\/flow\/courses\/10412834<\/a><\/p>\n\n\n\n<p><\/p>\n\n\n\n<p>Lis\u00e4tietoja leirist\u00e4 toimisto@vihti-gym.fi. Leirille ilmoittautuneille l\u00e4hetet\u00e4\u00e4n leirikirje ennen leirin alkua, jossa on tarkemmin kerrottu leirin sis\u00e4ll\u00f6st\u00e4 ja toimintatavoista.<\/p>\n","protected":false},"excerpt":{"rendered":"<p>Vihti-Gymin kes\u00e4leiri j\u00e4rjestet\u00e4\u00e4n taas juhannusviikolla ma 15.6.-to 18.6.2026! Leiri on tarkoitettu 2014-2019 syntyneille lapsille ja sen aikana liikutaan monipuolisesti niin sis\u00e4ll\u00e4 kuin ulkona. P\u00e4ivien aikana tutustutaan my\u00f6s niin voimisteluun kuin cheerleadingiin. Leirin hinta on 130\u20ac per osallistuja. Hinta sis\u00e4lt\u00e4\u00e4 valvotun leiriajan 8-16 (ohjattua toimintaa 9-15), lounaan sek\u00e4 v\u00e4lipalan. Leirille osallistujia ei ole vakuutettu seuran puolesta. [&hellip;]<\/p>\n","protected":false},"author":13,"featured_media":0,"parent":0,"menu_order":0,"comment_status":"closed","ping_status":"closed","template":"","meta":{"site-sidebar-layout":"default","site-content-layout":"","ast-site-content-layout":"default","site-content-style":"default","site-sidebar-style":"default","ast-global-header-display":"","ast-banner-title-visibility":"","ast-main-header-display":"","ast-hfb-above-header-display":"","ast-hfb-below-header-display":"","ast-hfb-mobile-header-display":"","site-post-title":"","ast-breadcrumbs-content":"","ast-featured-img":"","footer-sml-layout":"","ast-disable-related-posts":"","theme-transparent-header-meta":"","adv-header-id-meta":"","stick-header-meta":"","header-above-stick-meta":"","header-main-stick-meta":"","header-below-stick-meta":"","astra-migrate-meta-layouts":"set","ast-page-background-enabled":"default","ast-page-background-meta":{"desktop":{"background-color":"var(--ast-global-color-4)","background-image":"","background-repeat":"repeat","background-position":"center center","background-size":"auto","background-attachment":"scroll","background-type":"","background-media":"","overlay-type":"","overlay-color":"","overlay-opacity":"","overlay-gradient":""},"tablet":{"background-color":"","background-image":"","background-repeat":"repeat","background-position":"center center","background-size":"auto","background-attachment":"scroll","background-type":"","background-media":"","overlay-type":"","overlay-color":"","overlay-opacity":"","overlay-gradient":""},"mobile":{"background-color":"","background-image":"","background-repeat":"repeat","background-position":"center center","background-size":"auto","background-attachment":"scroll","background-type":"","background-media":"","overlay-type":"","overlay-color":"","overlay-opacity":"","overlay-gradient":""}},"ast-content-background-meta":{"desktop":{"background-color":"var(--ast-global-color-5)","background-image":"","background-repeat":"repeat","background-position":"center center","background-size":"auto","background-attachment":"scroll","background-type":"","background-media":"","overlay-type":"","overlay-color":"","overlay-opacity":"","overlay-gradient":""},"tablet":{"background-color":"var(--ast-global-color-5)","background-image":"","background-repeat":"repeat","background-position":"center center","background-size":"auto","background-attachment":"scroll","background-type":"","background-media":"","overlay-type":"","overlay-color":"","overlay-opacity":"","overlay-gradient":""},"mobile":{"background-color":"var(--ast-global-color-5)","background-image":"","background-repeat":"repeat","background-position":"center center","background-size":"auto","background-attachment":"scroll","background-type":"","background-media":"","overlay-type":"","overlay-color":"","overlay-opacity":"","overlay-gradient":""}},"footnotes":""},"class_list":["post-2368","page","type-page","status-publish","hentry"],"_links":{"self":[{"href":"https:\/\/vihti-gym.fi\/index.php\/wp-json\/wp\/v2\/pages\/2368","targetHints":{"allow":["GET"]}}],"collection":[{"href":"https:\/\/vihti-gym.fi\/index.php\/wp-json\/wp\/v2\/pages"}],"about":[{"href":"https:\/\/vihti-gym.fi\/index.php\/wp-json\/wp\/v2\/types\/page"}],"author":[{"embeddable":true,"href":"https:\/\/vihti-gym.fi\/index.php\/wp-json\/wp\/v2\/users\/13"}],"replies":[{"embeddable":true,"href":"https:\/\/vihti-gym.fi\/index.php\/wp-json\/wp\/v2\/comments?post=2368"}],"version-history":[{"count":5,"href":"https:\/\/vihti-gym.fi\/index.php\/wp-json\/wp\/v2\/pages\/2368\/revisions"}],"predecessor-version":[{"id":2675,"href":"https:\/\/vihti-gym.fi\/index.php\/wp-json\/wp\/v2\/pages\/2368\/revisions\/2675"}],"wp:attachment":[{"href":"https:\/\/vihti-gym.fi\/index.php\/wp-json\/wp\/v2\/media?parent=2368"}],"curies":[{"name":"wp","href":"https:\/\/api.w.org\/{rel}","templated":true}]}}