{"id":233,"date":"2021-10-22T15:09:43","date_gmt":"2021-10-22T12:09:43","guid":{"rendered":"https:\/\/aboanalytics.wordpress.com\/?page_id=233"},"modified":"2025-11-18T23:09:54","modified_gmt":"2025-11-18T21:09:54","slug":"korennot","status":"publish","type":"page","link":"https:\/\/vihti-gym.fi\/index.php\/korennot\/","title":{"rendered":"Korennot"},"content":{"rendered":"\n<p class=\"has-medium-font-size\"><strong>Tervetuloa Korentojen joukkuesivuille!<\/strong><\/p>\n\n\n\n<div class=\"wp-block-columns are-vertically-aligned-center is-layout-flex wp-container-core-columns-is-layout-28f84493 wp-block-columns-is-layout-flex\">\n<div class=\"wp-block-column is-layout-flow wp-block-column-is-layout-flow\" style=\"flex-basis:50%\">\n<div class=\"wp-block-columns is-layout-flex wp-container-core-columns-is-layout-28f84493 wp-block-columns-is-layout-flex\">\n<div class=\"wp-block-column is-vertically-aligned-center is-layout-flow wp-block-column-is-layout-flow\" style=\"flex-basis:100%\">\n<figure class=\"wp-block-image size-full\"><img loading=\"lazy\" decoding=\"async\" width=\"1600\" height=\"899\" src=\"https:\/\/vihti-gym.fi\/wp-content\/uploads\/2025\/11\/Kuva-1.11.2025.jpeg\" alt=\"\" class=\"wp-image-2600\" style=\"aspect-ratio:4\/3;object-fit:cover\" srcset=\"https:\/\/vihti-gym.fi\/wp-content\/uploads\/2025\/11\/Kuva-1.11.2025.jpeg 1600w, https:\/\/vihti-gym.fi\/wp-content\/uploads\/2025\/11\/Kuva-1.11.2025-300x169.jpeg 300w, https:\/\/vihti-gym.fi\/wp-content\/uploads\/2025\/11\/Kuva-1.11.2025-1024x575.jpeg 1024w, https:\/\/vihti-gym.fi\/wp-content\/uploads\/2025\/11\/Kuva-1.11.2025-768x432.jpeg 768w, https:\/\/vihti-gym.fi\/wp-content\/uploads\/2025\/11\/Kuva-1.11.2025-1536x863.jpeg 1536w\" sizes=\"auto, (max-width: 1600px) 100vw, 1600px\" \/><figcaption class=\"wp-element-caption\"><strong>Korennot 1.11.2025<\/strong><\/figcaption><\/figure>\n<\/div>\n<\/div>\n<\/div>\n<\/div>\n\n\n\n<h2 class=\"wp-block-heading\">Joukkue<\/h2>\n\n\n\n<p>Korennot kilpailevat tanssillisen voimistelun 16-20 -vuotiaiden sarjassa. Joukkueessa voimistelee kaudella 2025-2026 yhteens\u00e4 yksitoista vuosina 2005-2009 syntynytt\u00e4 tytt\u00f6\u00e4: Eevi, Elise, Iines, Isabella, Jila, Julia, Kaisa, Lilja, Marjut (kev\u00e4tkaudella), Milla ja Stella. Korentojen kilpaohjelma on nimelt\u00e4\u00e4n <em>Nykyajan nuoruustango: tanssi keskell\u00e4 kaaosta ja kauneutta <\/em>ja sen koreografiasta vastaavat Anna Rantanen ja Satu Ekstr\u00f6m. Korentoja valmentaa Anna Rantanen.<\/p>\n\n\n\n<p><a href=\"https:\/\/www.instagram.com\/korennot_vg\/\">https:\/\/www.instagram.com\/korennot_vg\/<\/a><\/p>\n\n\n\n<p><\/p>\n\n\n\n<h2 class=\"wp-block-heading\">Menestys kaudella 2025-2026<\/h2>\n\n\n\n<p>9.5.2026 Mikkeli, Tanvo Mestaruuskilpailut: sijoitus <\/p>\n\n\n\n<p>28.3.2026 Vantaa, TanvoCup IV: sijoitus <\/p>\n\n\n\n<p>7.2.2026 Kempele, TanvoCup III: sijoitus <\/p>\n\n\n\n<p>29.11.2025 Vihti, TanvoCup II: sijoitus <\/p>\n\n\n\n<p>1.11.2025 Huittinen, TanvoCup I: sijoitus 3\/11 (pisteet 141,334)<\/p>\n\n\n\n<p><\/p>\n\n\n\n<h2 class=\"wp-block-heading\">Harjoitukset<\/h2>\n\n\n\n<p><strong>Harjoitusajat ja -paikat kausi 2025-2026<\/strong><\/p>\n\n\n\n<figure class=\"wp-block-table\"><table><tbody><tr><td>Maanantai<\/td><td>19:00 &#8211; 21:00<\/td><td>Huhmarnummi<\/td><\/tr><tr><td>Torstai<\/td><td>18:30 &#8211; 20:30<\/td><td>Kamppailusali, Kuoppis <\/td><\/tr><tr><td>Sunnuntai<\/td><td>18:00 &#8211; 20:00<\/td><td>Palloilusali, Kuoppis<\/td><\/tr><\/tbody><\/table><\/figure>\n\n\n\n<p><\/p>\n\n\n\n<h2 class=\"wp-block-heading\">Voimistelijat<\/h2>\n\n\n\n<ul class=\"wp-block-list\">\n<li>Eevi<\/li>\n\n\n\n<li>Elise<\/li>\n\n\n\n<li>Iines<\/li>\n\n\n\n<li>Isabella<\/li>\n\n\n\n<li>Jila<\/li>\n\n\n\n<li>Julia<\/li>\n\n\n\n<li>Kaisa<\/li>\n\n\n\n<li>Lilja<\/li>\n\n\n\n<li>Marjut (kev\u00e4tkaudella)<\/li>\n\n\n\n<li>Milla<\/li>\n\n\n\n<li>Stella<\/li>\n<\/ul>\n\n\n\n<h2 class=\"wp-block-heading\">Valmentaja<\/h2>\n\n\n\n<p><strong>Anna Rantanen<\/strong><br>Aloitin voimistelun 2-vuotiaana Tampereella satubaletissa. Nelj\u00e4vuotiaana muutettuamme Nummelaan liityin Vihdin naisvoimistelijoihin ja jumppasin satu- ja tytt\u00f6jumpissa ja lopulta aloitin joukkuevoimistelun. Ohjausura alkoi apuohjaajana, josta siirryin satu- ja tytt\u00f6jumppien ohjaajaksi. 90-luvun loppupuolella aloitin joukkuevoimisteluvalmennuksen 8-10 -vuotiaiden tytt\u00f6jen kanssa. Samaan aikaan toimin Vihti-Gymin nuorisotoimikunnan puheenjohtajana, kilpailuvaliokunnassa sek\u00e4 johtokunnassa. Uudelleen palasin seuraan opiskelujen j\u00e4lkeen ja aloitin Piritan kanssa Korentojen valmentamisen 2010 syksyll\u00e4. Vuonna 2016 siirryimme joukkuevoimistelusta tanssillisen voimistelun puolelle.&nbsp;Vuodesta 2017 alkaen olen toiminut yksin joukkueen vastuuvalmentajana apuvalmentajien tuella. Kuulun itse tanssillisen voimistelun joukkue Impulssiin.<br><a href=\"mailto:rantanen.anna@gmail.com\">rantanen.anna@gmail.com<\/a><\/p>\n\n\n\n<p><\/p>\n\n\n\n<h2 class=\"wp-block-heading\">Yhteisty\u00f6kumppanit:<\/h2>\n\n\n\n<p><\/p>\n\n\n\n<p><strong>Koulutus- ja valmennus A&amp;T Oy<\/strong> <\/p>\n\n\n\n<p>anna.rantanen@me.com<\/p>\n\n\n\n<p><strong>Kranic Oy<\/strong><br>toimisto@kranic.fi <\/p>\n\n\n\n<p>www.kranic.fi<\/p>\n\n\n\n<p><strong>Maanrakennus Lassi Kaiponen Oy <\/strong> <\/p>\n\n\n\n<p>posti@lassikaiponen.fi<a href=\"mailto:posti@lassikaiponen.fi\"><br><\/a>www.lassikaiponen.fi<\/p>\n\n\n\n<p><\/p>\n\n\n\n<h2 class=\"wp-block-heading\">Historian havinaa<\/h2>\n\n\n\n<figure class=\"wp-block-table\"><table><tbody><tr><td><strong>KAUSI 2024-2025<\/strong><br>Korentojen joukkueessa voimistelee kaudella 2024-2025 yhteens\u00e4 kolmetoista vuosina 2005-2009 syntynytt\u00e4 tytt\u00f6\u00e4: Eevi, Elise, Eveliina, Iines, Isabella, Jila, Julia, Kaisa, Lilja, Marjut, Milla, Saga ja Stella. Korentojen kilpaohjelma on nimelt\u00e4\u00e4n Valon hetki\u00e4 ja sen koreografiasta vastaavat Anna Rantanen ja Satu Ekstr\u00f6m. Korentoja valmentaa Anna Rantanen ja fysiikkavalmennuksesta vastaa Veera M\u00e4kel\u00e4.<br><strong>Menestys kaudella 2024-2025<\/strong><br>CUP-mestaruus sarjasta 16-19-vuotiaat<br>12.4.2025 Sein\u00e4joki, Tanvo Mestaruuskilpailut: sijoitus 2\/11 (pisteet 154.667)<br>15.3.2025 Palokka, TanvoCup IV: sijoitus 2\/8 (pisteet 152.000)<br>1.2.2025 Turku, TanvoCup III: sijoitus 2\/7 (pisteet 155.667)<br>30.11.2024 Espoo, TanvoCup II: sijoitus 2\/9 (pisteet 149.833)<br>2.11.2024 Jyv\u00e4skyl\u00e4, TanvoCup I: sijoitus 1\/8 (pisteet 146.334)<br><br><strong>KAUSI 2023-2024<\/strong><br>Korentojen joukkueessa voimistelee kaudella 2023-2024 yhteens\u00e4 nelj\u00e4toista vuosina 2005-2009 syntynytt\u00e4 tytt\u00f6\u00e4: Eevi, Elise, Eveliina, Iines, Isabella, Jila, Julia, Kaisa, Lilja, Marjut, Milla, Minttu, Saga ja Stella. Korentojen kilpaohjelma on nimelt\u00e4\u00e4n <em>Minun el\u00e4m\u00e4, kenen maailmassa?<\/em> Korentoja valmentaa Anna Rantanen ja fysiikkavalmennuksesta vastaa Veera M\u00e4kel\u00e4.<br><strong>Menestys kaudella 2023-2024<\/strong><br>Cup-pronssia sarjasta16-19-vuotiaat<br>20.4.2024 Oulu, Tanvo Mestaruuskilpailut: sijoitus 2\/9 (pisteit\u00e4 164,666)<br>16.3.2024 M\u00e4ntyharju, TanvoCup IV: sijoitus 2\/10 (pisteit\u00e4 155,666)<br>27.1.2024 Helsinki, TanvoCup III: sijoitus 2\/9 (pisteit\u00e4 153.667)<br>9.12.2023 Espoo, TanvoCup II: sijoitus 3\/8 (pisteit\u00e4 149.666)<br>4.11.2023 Jyv\u00e4skyl\u00e4, TanvoCup I: sijoitus 3\/8 (pisteit\u00e4 149.834)<br><br><strong>KAUSI 2022-2023<\/strong><br>Korentojen joukkueessa voimistelee kaudella 2022-2023 yhteens\u00e4 kahdeksan vuosina 2005-2006 syntynytt\u00e4 tytt\u00f6\u00e4: Elise, Eveliina, Iines, Marjut, Papu, Saga, Stella ja Vanessa. Korennot kilpailevat kaudella 2022-2023 tanssillisen voimistelun 16-19-vuotiaiden sarjassa ohjelmalla <em>Ohjaanko omaa el\u00e4m\u00e4\u00e4ni itse?<\/em> Korentoja valmentaa Anna Rantanen.<br><strong>Menestys kaudella<\/strong> <strong>2022-2023<\/strong><br>Cup-pronssia sarjasta 16-19-vuotiaat<br>22.4.2023 Vantaa, Tanvo Mestaruuskilpailut: sijoitus 2\/10 (pisteit\u00e4 160.833)<br>25.3.2023 Jyv\u00e4skyl\u00e4, TanvoCup IV: sijoitus 2\/9 (pisteit\u00e4 160.000)<br>28.1.2023 M\u00e4ntyharju, TanvoCup III: sijoitus 3\/8 (pisteit\u00e4 151.000)<br>10.12.2022 Jyv\u00e4skyl\u00e4, TanvoCup II: sijoitus 3\/7 (pisteit\u00e4 152.333)<br>5.11.2022 M\u00e4nts\u00e4l\u00e4, TanvoCup I: sijoitus 1\/7 (pisteit\u00e4 150.666)<br>&nbsp;<br><strong>KAUSI 2021-2022<\/strong><br>Korentojen joukkueessa on kaudella 2021-2022 yhteens\u00e4 11 tytt\u00f6\u00e4, jotka ovat syntyneet vuosina 2005 ja 2006. Korennot treenaavat&nbsp;kolme kertaa viikossa. Korennot kilpailevat kaudella 2021-2022 tanssillisen voimistelun 16-19-vuotiaiden sarjassa ohjelmalla&nbsp;<em>L\u00e9rrore del tempo &#8211; Aikavirhe.<\/em>&nbsp;Korentoja valmentaa Anna Rantanen.<br><strong>Menestys kaudella<\/strong> <strong>2021-2022<\/strong><br>Cup-hopea sarjasta 16-19-vuotiaat<br>7.5.2022 Oulu, TanvoCup IV: sijoitus 2\/5 (pisteit\u00e4 147.000)<br>23.4.2022 Jyv\u00e4skyl\u00e4, Tanssillisen voimistelun mestaruuskilpailut: sijoitus 2\/9 (pisteit\u00e4 151.000)<br>27.3.2022 Helsinki, TanvoCup III: sijoitus 4\/ 8 (pisteit\u00e4 140.667)<br>27.11.2021 M\u00e4nts\u00e4l\u00e4, TanvoCup II: sijoitus 2\/9 (pisteit\u00e4 152.666)<br>6.11.2021 Jyv\u00e4skyl\u00e4, TanvoCup I: sijoitus 2\/9 (pisteit\u00e4 143.666)<br><br><strong>KAUSI 2020-2021<\/strong><br>Korentojen joukkueessa on kaudella 2020-2021 yhteens\u00e4 10 tytt\u00f6\u00e4, jotka ovat syntyneet vuosina 2005 ja 2006. Harjoitusp\u00e4ivi\u00e4 on nelj\u00e4 kertaa viikossa ja lis\u00e4ksi v\u00e4lill\u00e4 pidet\u00e4\u00e4n ylim\u00e4\u00e4r\u00e4isi\u00e4 harjoituksia&nbsp;sek\u00e4 leirip\u00e4ivi\u00e4. Korennot kilpailevat kaudella 2020-2021 tanssillisen voimistelun 12-15-vuotiaiden sarjassa ohjelmalla&nbsp;<em>Minun el\u00e4m\u00e4, meid\u00e4n maailma<\/em>. Korentoja&nbsp;valmentaa Anna Rantanen&nbsp;ja apuvalmentajana toimii Anniina J\u00e4rvinen.&nbsp;<br><strong><em>Menestys kaudella 2020-2021<\/em><\/strong><br>Cup-mestaruus sarjasta 12-15-vuotiaat<br>24.4.2021 Jyv\u00e4skyl\u00e4, TanvoCup IV-et\u00e4kilpailu: sijoitus 1\/13 (pisteit\u00e4 152.333)<br>28.2.2021 Raisio, TanvoCup II-et\u00e4kilpailu: sijoitus 1\/11 (pisteit\u00e4 154.334)<br>30.1.2021 Sein\u00e4joki, TanvoCup III-et\u00e4kilpailu: ei osallistumista poikkeusolojen vuoksi&nbsp;<br>7.11 2019 Lappeenranta, TanvoCup I: sijoitus 1\/12 (pisteit\u00e4 143.500)&nbsp;<br><br><strong>KAUSI 2019-2020<\/strong><br>Korentojen joukkueessa on 2019-2020 syyskaudella yhteens\u00e4 11 tytt\u00f6\u00e4 ja kev\u00e4\u00e4ll\u00e4 10 tytt\u00f6\u00e4, jotka ovat syntyneet vuosina 2005 ja 2006. Harjoitusp\u00e4ivi\u00e4 on nelj\u00e4 kertaa viikossa ja lis\u00e4ksi v\u00e4lill\u00e4 pidet\u00e4\u00e4n ylim\u00e4\u00e4r\u00e4isi\u00e4 harjoituksia&nbsp;sek\u00e4 leirip\u00e4ivi\u00e4. Korennot kilpailevat syksyll\u00e4 2019 tanssillisen voimistelun 12-15-vuotiaiden sarjassa ohjelmalla&nbsp;<em>Fight for the future<\/em>. Korentoja&nbsp;valmentaa Anna Rantanen&nbsp;ja apuvalmentajana toimii Anniina J\u00e4rvinen.<br><strong><em>Menestys kaudella 2019-2020<\/em><\/strong><br>1.2.2020 Espoo, TanvoCup II: sijoitus 2\/9 (pisteit\u00e4 151.000)<br>23.11 2019 Turku, Valtakunnalliset tanssillisen voimistelun kilpailut: sijoitus 1\/13 (pisteit\u00e4 153.333)&nbsp;<br>9.11.2019 Yl\u00f6j\u00e4rvi, TanvoCup I: sijoitus 1\/10 (pisteit\u00e4 141.667)&nbsp;<br><br><strong>KAUSI 2018-2019<\/strong><br>Korentojen joukkueessa on kaudella 2018-2019 yhteens\u00e4 13 tytt\u00f6\u00e4, jotka ovat syntyneet vuosina 2005 ja 2006. Harjoitusp\u00e4ivi\u00e4 on nelj\u00e4 kertaa viikossa ja lis\u00e4ksi v\u00e4lill\u00e4 pidet\u00e4\u00e4n ylim\u00e4\u00e4r\u00e4isi\u00e4 harjoituksia&nbsp;sek\u00e4 leirip\u00e4ivi\u00e4. Korennot kilpailevat syksyst\u00e4 2018&nbsp;alkaen tanssillisessa voimistelussa 12-15-vuotiaiden sarjassa ohjelmalla&nbsp;<em>Murheellinen meri.<\/em>&nbsp;Ensimm\u00e4inen kilpailu on kotiseuran j\u00e4rjest\u00e4m\u00e4 10.11.2018 Nummelassa ja lis\u00e4ksi Korennot osallistuvat syyskaudella M\u00e4nts\u00e4l\u00e4ss\u00e4 pidett\u00e4viin tanssillisen voimistelun kilpailuihin 24.11.2018. Kev\u00e4tkaudella Korennot osallistuvat Vantaalla 30.3.2019, Jyv\u00e4skyl\u00e4ss\u00e4 4.5.2019 ja Espoossa 8.6.2019&nbsp;pidett\u00e4viin kilpailuihin. Korentoja&nbsp;valmentaa Anna Rantanen&nbsp;ja apuvalmentajana toimii Anniina J\u00e4rvinen.&nbsp;<br><strong><em>Menestys&nbsp;kaudella 2018-2019<\/em><\/strong><br>Cup-pronssi sarjasta 12-5-vuotiaat<br>8.6.2019 Espoo, TanvoCup III: sijoitus 1\/8 (pisteit\u00e4 149.333)<br>4.5.2019 Jyv\u00e4skyl\u00e4, Valtakunnalliset tanssillisen voimistelun kilpailut: sijoitus 3\/23 (pisteit\u00e4 142.667)<br>30.3.2019 Vantaa, Tanvo Cup II: sijoitus 3\/15 (pisteit\u00e4 142.666)<br>24.11.2018 M\u00e4nts\u00e4l\u00e4, Tanvo-kilpailut: sijoitus 3\/15 (pisteit\u00e4 146.500)<br>10.11.2018 Vihti,Nummela TanvoCup I: sijoitus 3\/7 (pisteit\u00e4 140.000)&nbsp;<br><br><strong>KAUSI 2017-2018<\/strong><br>Korentojen joukkueessa voimistelee&nbsp;kaudella 2017-2018 yhteens\u00e4 12 tytt\u00f6\u00e4, jotka ovat syntyneet vuosina 2005 ja 2006. Tyt\u00f6t harjoittelevat p\u00e4\u00e4s\u00e4\u00e4nt\u00f6isesti nelj\u00e4 kertaa viikossa ja lis\u00e4ksi v\u00e4lill\u00e4 on ylim\u00e4\u00e4r\u00e4isi\u00e4 harjoitusvuoroja sek\u00e4 leirip\u00e4ivi\u00e4. Korennot&nbsp;kilpailevat syksyll\u00e4 2017 tanssillisen voimistelun kilpailuissa 5.11.2017 Vantaalla ja 25.11.2017 Iisalmessa ohjelmalla&nbsp;<em>Tytt\u00f6 sin\u00e4 tunnet<\/em>. Kev\u00e4\u00e4ll\u00e4 2018&nbsp;Korennot tulevat esiintym\u00e4\u00e4n my\u00f6s Lumo-tapahtumien Voimistelu ja tanssi (pienet ryhm\u00e4t)-sarjassa ohjelmalla&nbsp;<em>Tanssi taivasalla<\/em>. Kes\u00e4kuussa 2018 Turussa j\u00e4rjestet\u00e4\u00e4n Gymnaestrada Suomi-tapahtuma ja siell\u00e4 osa Korennoista osallistuu Salaper\u00e4inen labyrintti-kentt\u00e4ohjelmaan. Lis\u00e4ksi Turussa on samaan aikaan Lumo-finaali, jonne Korennot my\u00f6s osallistuvat. Korentoja&nbsp;valmentaa Anna Rantanen&nbsp;ja apuvalmentajana toimii Roosa J\u00e4rventausta.&nbsp;<br><strong><em>Menestys&nbsp;kaudella 2017-2018<\/em><\/strong><br>9.6.2018 Turku Lumo-finaali: sijoitus hopeakategoria (yht.32 joukkuetta)<br>5.5.2018 Oulu, Tanvo: kategoria II, sijoitus jaettu 1\/9<br>23.4.2018 Vantaa Lumo-tapahtuma: sijoitus hopeakategoria (yht. 21 joukkuetta)<br>14.4.2018 Jyv\u00e4skyl\u00e4 Tanvo: kategoria II, sijoitus jaettu 1\/9<br>28.1.2018 Espoo Tanvo: kategoria II, sijoitus jaettu 1\/5&nbsp;<br>25.11.2017 Iisalmi Tanvo:&nbsp;kategoria II, sijoitus 2\/8<br>5.11.2017 Vantaa Tanvo: kategoria III, sijoitus 2\/3&nbsp;<br><br><strong>KAUSI 2016-2017<\/strong><br>Korentojen joukkueessa voimistelee&nbsp;kaudella 2016-2017 yhteens\u00e4 14 tytt\u00f6\u00e4, jotka ovat vuosina 2005-2006 syntyneit\u00e4. Suurin osa tyt\u00f6ist\u00e4 on harjoitellut yhdess\u00e4 jo syksyst\u00e4 2010 l\u00e4htien. Kaudella 2016-2017 tyt\u00f6t harjoittelevat kolme-nelj\u00e4 kertaa viikossa ja keskittyv\u00e4t tansilliseen voimisteluun. Korennot&nbsp;osallistuivat&nbsp;tanssillisen voimistelun kilpailuihin ensimm\u00e4isen kerran 5.3.2016 ohjelmalla&nbsp;Caf\u00e9 Parisien&nbsp;ja saavuttivat upeasti ik\u00e4sarjassaan kultakategorian eli parhaimman sijan. Syksyll\u00e4 2016 sek\u00e4 kev\u00e4\u00e4ll\u00e4 2017 Korennot kisaavat tanssillisen voimistelun kilpailuissa 8-12-vuotiaiden sarjassa&nbsp;Suomi 100 vuotta teeman innoittamana ohjelmalla&nbsp;Saunan sulo ja veden vilpo. Korennot osallistuivat samalla ohjelmalla my\u00f6s voimistelun ja tanssin Lumo-tapahtuman Gym for Life-sarjaan Raisiossa 26.11.2016 saavuttaen hienosti kultakategorian sek\u00e4 Vantaalla 4.2.2017 tyt\u00f6t p\u00e4\u00e4siv\u00e4t kovatasoisessa kilpailussa hopeakategoriaan. Korennot on valittu esiintym\u00e4\u00e4n 28.5.2017 joukkuevoimistelun MM-kilpailujen finaalin j\u00e4lkeiseen voimistelun\u00e4yt\u00f6kseen, joka on Helsingin j\u00e4\u00e4hallissa eli edess\u00e4 on j\u00e4lleen upea kokemus niin tyt\u00f6ille kuin taustajoukoillekin! Korentoja&nbsp;valmentavat Anna Rantanen&nbsp;sek\u00e4 Pirita Vuorisalo ja apuvalmentajana toimii Roosa J\u00e4rventausta.&nbsp;&nbsp;<\/td><\/tr><\/tbody><\/table><\/figure>\n\n\n\n<p><\/p>\n\n\n\n<p><\/p>\n\n\n\n<p><\/p>\n\n\n\n<p><br><\/p>\n\n\n\n<p><\/p>\n\n\n\n<p><\/p>\n\n\n\n<p><br><br><\/p>\n\n\n\n<p><\/p>\n\n\n\n<p><\/p>\n\n\n\n<p><\/p>\n\n\n\n<p><\/p>\n\n\n\n<p><\/p>\n\n\n\n<p><\/p>\n","protected":false},"excerpt":{"rendered":"<p>Tervetuloa Korentojen joukkuesivuille! Joukkue Korennot kilpailevat tanssillisen voimistelun 16-20 -vuotiaiden sarjassa. Joukkueessa voimistelee kaudella 2025-2026 yhteens\u00e4 yksitoista vuosina 2005-2009 syntynytt\u00e4 tytt\u00f6\u00e4: Eevi, Elise, Iines, Isabella, Jila, Julia, Kaisa, Lilja, Marjut (kev\u00e4tkaudella), Milla ja Stella. Korentojen kilpaohjelma on nimelt\u00e4\u00e4n Nykyajan nuoruustango: tanssi keskell\u00e4 kaaosta ja kauneutta ja sen koreografiasta vastaavat Anna Rantanen ja Satu Ekstr\u00f6m. Korentoja [&hellip;]<\/p>\n","protected":false},"author":2,"featured_media":2604,"parent":0,"menu_order":0,"comment_status":"closed","ping_status":"closed","template":"","meta":{"site-sidebar-layout":"default","site-content-layout":"","ast-site-content-layout":"default","site-content-style":"default","site-sidebar-style":"default","ast-global-header-display":"","ast-banner-title-visibility":"","ast-main-header-display":"","ast-hfb-above-header-display":"","ast-hfb-below-header-display":"","ast-hfb-mobile-header-display":"","site-post-title":"","ast-breadcrumbs-content":"","ast-featured-img":"","footer-sml-layout":"","ast-disable-related-posts":"","theme-transparent-header-meta":"","adv-header-id-meta":"","stick-header-meta":"","header-above-stick-meta":"","header-main-stick-meta":"","header-below-stick-meta":"","astra-migrate-meta-layouts":"set","ast-page-background-enabled":"default","ast-page-background-meta":{"desktop":{"background-color":"var(--ast-global-color-4)","background-image":"","background-repeat":"repeat","background-position":"center center","background-size":"auto","background-attachment":"scroll","background-type":"","background-media":"","overlay-type":"","overlay-color":"","overlay-opacity":"","overlay-gradient":""},"tablet":{"background-color":"","background-image":"","background-repeat":"repeat","background-position":"center center","background-size":"auto","background-attachment":"scroll","background-type":"","background-media":"","overlay-type":"","overlay-color":"","overlay-opacity":"","overlay-gradient":""},"mobile":{"background-color":"","background-image":"","background-repeat":"repeat","background-position":"center center","background-size":"auto","background-attachment":"scroll","background-type":"","background-media":"","overlay-type":"","overlay-color":"","overlay-opacity":"","overlay-gradient":""}},"ast-content-background-meta":{"desktop":{"background-color":"var(--ast-global-color-5)","background-image":"","background-repeat":"repeat","background-position":"center center","background-size":"auto","background-attachment":"scroll","background-type":"","background-media":"","overlay-type":"","overlay-color":"","overlay-opacity":"","overlay-gradient":""},"tablet":{"background-color":"var(--ast-global-color-5)","background-image":"","background-repeat":"repeat","background-position":"center center","background-size":"auto","background-attachment":"scroll","background-type":"","background-media":"","overlay-type":"","overlay-color":"","overlay-opacity":"","overlay-gradient":""},"mobile":{"background-color":"var(--ast-global-color-5)","background-image":"","background-repeat":"repeat","background-position":"center center","background-size":"auto","background-attachment":"scroll","background-type":"","background-media":"","overlay-type":"","overlay-color":"","overlay-opacity":"","overlay-gradient":""}},"footnotes":""},"class_list":["post-233","page","type-page","status-publish","has-post-thumbnail","hentry"],"_links":{"self":[{"href":"https:\/\/vihti-gym.fi\/index.php\/wp-json\/wp\/v2\/pages\/233","targetHints":{"allow":["GET"]}}],"collection":[{"href":"https:\/\/vihti-gym.fi\/index.php\/wp-json\/wp\/v2\/pages"}],"about":[{"href":"https:\/\/vihti-gym.fi\/index.php\/wp-json\/wp\/v2\/types\/page"}],"author":[{"embeddable":true,"href":"https:\/\/vihti-gym.fi\/index.php\/wp-json\/wp\/v2\/users\/2"}],"replies":[{"embeddable":true,"href":"https:\/\/vihti-gym.fi\/index.php\/wp-json\/wp\/v2\/comments?post=233"}],"version-history":[{"count":19,"href":"https:\/\/vihti-gym.fi\/index.php\/wp-json\/wp\/v2\/pages\/233\/revisions"}],"predecessor-version":[{"id":2603,"href":"https:\/\/vihti-gym.fi\/index.php\/wp-json\/wp\/v2\/pages\/233\/revisions\/2603"}],"wp:featuredmedia":[{"embeddable":true,"href":"https:\/\/vihti-gym.fi\/index.php\/wp-json\/wp\/v2\/media\/2604"}],"wp:attachment":[{"href":"https:\/\/vihti-gym.fi\/index.php\/wp-json\/wp\/v2\/media?parent=233"}],"curies":[{"name":"wp","href":"https:\/\/api.w.org\/{rel}","templated":true}]}}