{"id":227,"date":"2024-10-06T14:52:47","date_gmt":"2024-10-06T11:52:47","guid":{"rendered":"https:\/\/aboanalytics.wordpress.com\/?page_id=227"},"modified":"2024-10-10T23:10:02","modified_gmt":"2024-10-10T20:10:02","slug":"tanssillinen-voimistelu-2","status":"publish","type":"page","link":"https:\/\/vihti-gym.fi\/index.php\/tanssillinen-voimistelu-2\/","title":{"rendered":"Tanssillinen voimistelu"},"content":{"rendered":"\n<h2 class=\"wp-block-heading has-text-align-center\"><strong>Tanssillinen voimistelu<\/strong><\/h2>\n\n\n\n<figure class=\"wp-block-image size-large\"><img loading=\"lazy\" decoding=\"async\" width=\"1024\" height=\"683\" src=\"https:\/\/vihti-gym.fi\/wp-content\/uploads\/2024\/10\/Tanvo-Cup-2_2023_2024-Korennot_2-1024x683.jpg\" alt=\"\" class=\"wp-image-2184\" srcset=\"https:\/\/vihti-gym.fi\/wp-content\/uploads\/2024\/10\/Tanvo-Cup-2_2023_2024-Korennot_2-1024x683.jpg 1024w, https:\/\/vihti-gym.fi\/wp-content\/uploads\/2024\/10\/Tanvo-Cup-2_2023_2024-Korennot_2-300x200.jpg 300w, https:\/\/vihti-gym.fi\/wp-content\/uploads\/2024\/10\/Tanvo-Cup-2_2023_2024-Korennot_2-768x512.jpg 768w, https:\/\/vihti-gym.fi\/wp-content\/uploads\/2024\/10\/Tanvo-Cup-2_2023_2024-Korennot_2-1536x1024.jpg 1536w, https:\/\/vihti-gym.fi\/wp-content\/uploads\/2024\/10\/Tanvo-Cup-2_2023_2024-Korennot_2.jpg 2048w\" sizes=\"auto, (max-width: 1024px) 100vw, 1024px\" \/><\/figure>\n\n\n\n<details class=\"wp-block-details is-layout-flow wp-block-details-is-layout-flow\"><summary>Kuva: Sami Iivonen &#8211; Tanvo Cup 2 9.12.2023<\/summary>\n<p><\/p>\n<\/details>\n\n\n\n<div class=\"wp-block-columns is-layout-flex wp-container-core-columns-is-layout-28f84493 wp-block-columns-is-layout-flex\">\n<div class=\"wp-block-column is-layout-flow wp-block-column-is-layout-flow\">\n<div class=\"wp-block-buttons is-layout-flex wp-block-buttons-is-layout-flex\">\n<div class=\"wp-block-button\"><a class=\"wp-block-button__link wp-element-button\" href=\"https:\/\/vihti-gym.fi\/index.php\/tanssillinen-voimistelu-2\/esivalmennusjoukkue-2016-2018\/\">Esivalmennus                <\/a><\/div>\n<\/div>\n<\/div>\n\n\n\n<div class=\"wp-block-column is-layout-flow wp-block-column-is-layout-flow\">\n<div class=\"wp-block-columns are-vertically-aligned-center is-layout-flex wp-container-core-columns-is-layout-28f84493 wp-block-columns-is-layout-flex\">\n<div class=\"wp-block-column is-vertically-aligned-center is-layout-flow wp-block-column-is-layout-flow\" style=\"flex-basis:100%\">\n<div class=\"wp-block-buttons is-content-justification-left is-layout-flex wp-container-core-buttons-is-layout-fc4fd283 wp-block-buttons-is-layout-flex\">\n<div class=\"wp-block-button\"><a class=\"wp-block-button__link has-text-align-center wp-element-button\" href=\"https:\/\/vihti-gym.fi\/index.php\/rosalia-2013-2015\/\" target=\"_blank\" rel=\"noreferrer noopener\">Rosalia              <\/a><\/div>\n<\/div>\n<\/div>\n<\/div>\n<\/div>\n\n\n\n<div class=\"wp-block-column is-layout-flow wp-block-column-is-layout-flow\">\n<div class=\"wp-block-buttons is-content-justification-center is-layout-flex wp-container-core-buttons-is-layout-a89b3969 wp-block-buttons-is-layout-flex\">\n<div class=\"wp-block-button\"><a class=\"wp-block-button__link wp-element-button\" href=\"https:\/\/vihti-gym.fi\/index.php\/clara\/\" target=\"_blank\" rel=\"noreferrer noopener\">Clara                 <\/a><\/div>\n<\/div>\n<\/div>\n\n\n\n<div class=\"wp-block-column is-layout-flow wp-block-column-is-layout-flow\">\n<div class=\"wp-block-buttons is-content-justification-center is-layout-flex wp-container-core-buttons-is-layout-a89b3969 wp-block-buttons-is-layout-flex\">\n<div class=\"wp-block-button has-custom-width wp-block-button__width-100\"><a class=\"wp-block-button__link wp-element-button\" href=\"https:\/\/vihti-gym.fi\/index.php\/korennot\/\" target=\"_blank\" rel=\"noreferrer noopener\">Korennot<\/a><\/div>\n<\/div>\n<\/div>\n\n\n\n<div class=\"wp-block-column is-layout-flow wp-block-column-is-layout-flow\">\n<div class=\"wp-block-buttons is-layout-flex wp-block-buttons-is-layout-flex\">\n<div class=\"wp-block-button\"><a class=\"wp-block-button__link wp-element-button\" href=\"https:\/\/vihti-gym.fi\/index.php\/impulssi\/\">Impulssi            <\/a><\/div>\n<\/div>\n<\/div>\n<\/div>\n\n\n\n<h1 class=\"wp-block-heading\">Tanssillinen voimistelu&nbsp;vie menness\u00e4\u00e4n<\/h1>\n\n\n\n<p>Tanssillinen voimistelu pohjautuu suomalaiseen naisvoimisteluun, jossa t\u00e4rkein\u00e4 elementtein\u00e4 ovat keskustal\u00e4ht\u00f6isyys ja virtaavuus. Siin\u00e4 yhdistyv\u00e4t liikunnan lis\u00e4ksi rytmisyys, luovuus, esteettisyys ja ilmaisullisuus.<\/p>\n\n\n\n<p>Tanssillinen voimistelu on kokonaisliikuntaa, joka hy\u00f6dynt\u00e4\u00e4 monipuolisesti musiikin eri elementtej\u00e4 ja koreografista osaamista. Se on laadukasta, taidokasta ja tavoitteellista toimintaa, jossa kehittyv\u00e4t sek\u00e4 harrastajan kunto ett\u00e4 taidot, ja lis\u00e4mausteena kehittyv\u00e4t my\u00f6s harrastajan itseilmaisu ja luovuus.<\/p>\n\n\n\n<h2 class=\"wp-block-heading\">Kaudella 2024&nbsp;&#8211; 2025&nbsp;Vihti-Gymiss\u00e4 on viisi tanssillisen voimistelun joukkuetta<\/h2>\n\n\n\n<ul class=\"wp-block-list\">\n<li>5-7 -vuotiaiden <a href=\"https:\/\/vihti-gym.fi\/wp-admin\/post.php?post=2167&amp;action=edit\" data-type=\"link\" data-id=\"https:\/\/vihti-gym.fi\/wp-admin\/post.php?post=2167&amp;action=edit\">esivalmennus<\/a><\/li>\n\n\n\n<li>8 \u2013 11 -vuotiaiden <a href=\"https:\/\/vihti-gym.fi\/wp-admin\/post.php?post=239&amp;action=edit\" target=\"_blank\" rel=\"noreferrer noopener\">Rosalia<\/a><\/li>\n\n\n\n<li>12 &#8211; 15 -vuotiaiden <a href=\"https:\/\/vihti-gym.fi\/index.php\/clara\/\" data-type=\"page\">Clara<\/a> <\/li>\n\n\n\n<li>16-19  -vuotiaiden <a href=\"https:\/\/vihti-gym.fi\/index.php\/korennot\/\" data-type=\"page\" data-id=\"233\">Korennot<\/a><\/li>\n\n\n\n<li>Yli&nbsp;20-vuotiaiden <a href=\"https:\/\/vihti-gym.fi\/index.php\/impulssi\/\" data-type=\"page\" data-id=\"231\">Impulssi<\/a><\/li>\n<\/ul>\n\n\n\n<p><\/p>\n","protected":false},"excerpt":{"rendered":"<p>Tanssillinen voimistelu Tanssillinen voimistelu&nbsp;vie menness\u00e4\u00e4n Tanssillinen voimistelu pohjautuu suomalaiseen naisvoimisteluun, jossa t\u00e4rkein\u00e4 elementtein\u00e4 ovat keskustal\u00e4ht\u00f6isyys ja virtaavuus. Siin\u00e4 yhdistyv\u00e4t liikunnan lis\u00e4ksi rytmisyys, luovuus, esteettisyys ja ilmaisullisuus. Tanssillinen voimistelu on kokonaisliikuntaa, joka hy\u00f6dynt\u00e4\u00e4 monipuolisesti musiikin eri elementtej\u00e4 ja koreografista osaamista. Se on laadukasta, taidokasta ja tavoitteellista toimintaa, jossa kehittyv\u00e4t sek\u00e4 harrastajan kunto ett\u00e4 taidot, ja lis\u00e4mausteena [&hellip;]<\/p>\n","protected":false},"author":2,"featured_media":0,"parent":0,"menu_order":0,"comment_status":"closed","ping_status":"closed","template":"","meta":{"site-sidebar-layout":"default","site-content-layout":"","ast-site-content-layout":"default","site-content-style":"default","site-sidebar-style":"default","ast-global-header-display":"","ast-banner-title-visibility":"","ast-main-header-display":"","ast-hfb-above-header-display":"","ast-hfb-below-header-display":"","ast-hfb-mobile-header-display":"","site-post-title":"","ast-breadcrumbs-content":"","ast-featured-img":"","footer-sml-layout":"","ast-disable-related-posts":"","theme-transparent-header-meta":"","adv-header-id-meta":"","stick-header-meta":"","header-above-stick-meta":"","header-main-stick-meta":"","header-below-stick-meta":"","astra-migrate-meta-layouts":"set","ast-page-background-enabled":"default","ast-page-background-meta":{"desktop":{"background-color":"var(--ast-global-color-4)","background-image":"","background-repeat":"repeat","background-position":"center center","background-size":"auto","background-attachment":"scroll","background-type":"","background-media":"","overlay-type":"","overlay-color":"","overlay-opacity":"","overlay-gradient":""},"tablet":{"background-color":"","background-image":"","background-repeat":"repeat","background-position":"center center","background-size":"auto","background-attachment":"scroll","background-type":"","background-media":"","overlay-type":"","overlay-color":"","overlay-opacity":"","overlay-gradient":""},"mobile":{"background-color":"","background-image":"","background-repeat":"repeat","background-position":"center center","background-size":"auto","background-attachment":"scroll","background-type":"","background-media":"","overlay-type":"","overlay-color":"","overlay-opacity":"","overlay-gradient":""}},"ast-content-background-meta":{"desktop":{"background-color":"var(--ast-global-color-5)","background-image":"","background-repeat":"repeat","background-position":"center center","background-size":"auto","background-attachment":"scroll","background-type":"","background-media":"","overlay-type":"","overlay-color":"","overlay-opacity":"","overlay-gradient":""},"tablet":{"background-color":"var(--ast-global-color-5)","background-image":"","background-repeat":"repeat","background-position":"center center","background-size":"auto","background-attachment":"scroll","background-type":"","background-media":"","overlay-type":"","overlay-color":"","overlay-opacity":"","overlay-gradient":""},"mobile":{"background-color":"var(--ast-global-color-5)","background-image":"","background-repeat":"repeat","background-position":"center center","background-size":"auto","background-attachment":"scroll","background-type":"","background-media":"","overlay-type":"","overlay-color":"","overlay-opacity":"","overlay-gradient":""}},"footnotes":""},"class_list":["post-227","page","type-page","status-publish","hentry"],"_links":{"self":[{"href":"https:\/\/vihti-gym.fi\/index.php\/wp-json\/wp\/v2\/pages\/227","targetHints":{"allow":["GET"]}}],"collection":[{"href":"https:\/\/vihti-gym.fi\/index.php\/wp-json\/wp\/v2\/pages"}],"about":[{"href":"https:\/\/vihti-gym.fi\/index.php\/wp-json\/wp\/v2\/types\/page"}],"author":[{"embeddable":true,"href":"https:\/\/vihti-gym.fi\/index.php\/wp-json\/wp\/v2\/users\/2"}],"replies":[{"embeddable":true,"href":"https:\/\/vihti-gym.fi\/index.php\/wp-json\/wp\/v2\/comments?post=227"}],"version-history":[{"count":19,"href":"https:\/\/vihti-gym.fi\/index.php\/wp-json\/wp\/v2\/pages\/227\/revisions"}],"predecessor-version":[{"id":2188,"href":"https:\/\/vihti-gym.fi\/index.php\/wp-json\/wp\/v2\/pages\/227\/revisions\/2188"}],"wp:attachment":[{"href":"https:\/\/vihti-gym.fi\/index.php\/wp-json\/wp\/v2\/media?parent=227"}],"curies":[{"name":"wp","href":"https:\/\/api.w.org\/{rel}","templated":true}]}}