{"id":1673,"date":"2023-08-11T16:25:19","date_gmt":"2023-08-11T13:25:19","guid":{"rendered":"https:\/\/vihti-gym.fi\/?page_id=1673"},"modified":"2025-05-27T09:16:21","modified_gmt":"2025-05-27T06:16:21","slug":"visible","status":"publish","type":"page","link":"https:\/\/vihti-gym.fi\/index.php\/visible\/","title":{"rendered":"Velocity"},"content":{"rendered":"\n<p>TERVETULOA Velocityn JOUKKUESIVUILLE!<\/p>\n\n\n\n<figure class=\"wp-block-gallery has-nested-images columns-default is-cropped wp-block-gallery-1 is-layout-flex wp-block-gallery-is-layout-flex\">\n<figure class=\"wp-block-image size-large\"><img loading=\"lazy\" decoding=\"async\" width=\"1024\" height=\"589\" data-id=\"1816\" src=\"https:\/\/vihti-gym.fi\/wp-content\/uploads\/2023\/10\/393438311_279772348291147_2896352284453254644_n-1-1024x589.jpg\" alt=\"\" class=\"wp-image-1816\" srcset=\"https:\/\/vihti-gym.fi\/wp-content\/uploads\/2023\/10\/393438311_279772348291147_2896352284453254644_n-1-1024x589.jpg 1024w, https:\/\/vihti-gym.fi\/wp-content\/uploads\/2023\/10\/393438311_279772348291147_2896352284453254644_n-1-300x173.jpg 300w, https:\/\/vihti-gym.fi\/wp-content\/uploads\/2023\/10\/393438311_279772348291147_2896352284453254644_n-1-768x442.jpg 768w, https:\/\/vihti-gym.fi\/wp-content\/uploads\/2023\/10\/393438311_279772348291147_2896352284453254644_n-1.jpg 1156w\" sizes=\"auto, (max-width: 1024px) 100vw, 1024px\" \/><\/figure>\n<\/figure>\n\n\n\n<p>Kuva: Tero Wester Photography<\/p>\n\n\n\n<p>Velocity on joukkue, joka kilpailee youth level 2 sarjassa.<\/p>\n\n\n\n<p>Joukkue treenaa tavoitteellisesti kolmesti viikossa, sek\u00e4 leireilee useasti kauden aikana. Velocityss\u00e4 urheilee vuonna 2014-2011 syntyneet taitavat urheilijat<\/p>\n\n\n\n<p>Joukkueeseen haetaan joukkuejakotilaisuuden kautta, joka j\u00e4rjestet\u00e4\u00e4n toukokuussa (27.05.2025), mutta joukkuetta t\u00e4ydennet\u00e4\u00e4n tarvittaessa kauden aikana.<\/p>\n\n\n\n<p> Ohessa linkki joukkuejakoon ilmoittautumiseen: <a href=\"https:\/\/docs.google.com\/forms\/d\/e\/1FAIpQLSd_7Jqgz3HS7iKXrZ-dHcYO4vlcyZvIBFgJynJWfKK1fC_UNA\/viewform?usp=header\">https:\/\/docs.google.com\/forms\/d\/e\/1FAIpQLSd_7Jqgz3HS7iKXrZ-dHcYO4vlcyZvIBFgJynJWfKK1fC_UNA\/viewform?usp=header<\/a><\/p>\n\n\n\n<p><br><br>Voit seurata Velocityn treenaamista Instagramista k\u00e4ytt\u00e4j\u00e4lt\u00e4 @vgc.velocity<\/p>\n\n\n\n<p><strong>Treenit ja treenipaikat:<\/strong><\/p>\n\n\n\n<p>Salivuorot ja treeniaikataulu p\u00e4ivittyy kun saamme Vihdin kunnalta salivuorot vahvistettua kaudelle 2025-2026<\/p>\n\n\n\n<p>Sunnuntaisin <br>Huhmarnummen koulu <br>Pihtisillantie 303,\u00a003150 Huhmari <br><br>Tiistaisin  ja torstaisin  <br>Nummelan Luksia <br>Ojakkalantie 2, 03100 Nummela<\/p>\n\n\n\n<p class=\"has-medium-font-size\"><strong>Joukkue:<\/strong><\/p>\n\n\n\n<p>Joukkuejaossa mukana olleille urheilijoille on l\u00e4hetet\u00e4\u00e4n s\u00e4hk\u00f6posti joukkueeseen p\u00e4\u00e4syst\u00e4. Lis\u00e4tietoja: inka.vihtigym@gmail.com<\/p>\n\n\n\n<p><strong>Valmentajat:<\/strong><\/p>\n\n\n\n<p>Inka K\u00e4rkk\u00e4inen<br>Pihla Konttinen<br>Anna Haaksi <\/p>\n\n\n\n<p><strong>Poissaoloilmoitukset:<\/strong><\/p>\n\n\n\n<p>MyClub<\/p>\n\n\n\n<p><strong>Yhteydenotot:<\/strong><\/p>\n\n\n\n<p>inka.vihtigym@gmail.com<\/p>\n\n\n\n<p><\/p>\n","protected":false},"excerpt":{"rendered":"<p>TERVETULOA Velocityn JOUKKUESIVUILLE! Kuva: Tero Wester Photography Velocity on joukkue, joka kilpailee youth level 2 sarjassa. Joukkue treenaa tavoitteellisesti kolmesti viikossa, sek\u00e4 leireilee useasti kauden aikana. Velocityss\u00e4 urheilee vuonna 2014-2011 syntyneet taitavat urheilijat Joukkueeseen haetaan joukkuejakotilaisuuden kautta, joka j\u00e4rjestet\u00e4\u00e4n toukokuussa (27.05.2025), mutta joukkuetta t\u00e4ydennet\u00e4\u00e4n tarvittaessa kauden aikana. Ohessa linkki joukkuejakoon ilmoittautumiseen: https:\/\/docs.google.com\/forms\/d\/e\/1FAIpQLSd_7Jqgz3HS7iKXrZ-dHcYO4vlcyZvIBFgJynJWfKK1fC_UNA\/viewform?usp=header Voit seurata Velocityn [&hellip;]<\/p>\n","protected":false},"author":3,"featured_media":0,"parent":0,"menu_order":0,"comment_status":"closed","ping_status":"closed","template":"","meta":{"site-sidebar-layout":"default","site-content-layout":"","ast-site-content-layout":"default","site-content-style":"default","site-sidebar-style":"default","ast-global-header-display":"","ast-banner-title-visibility":"","ast-main-header-display":"","ast-hfb-above-header-display":"","ast-hfb-below-header-display":"","ast-hfb-mobile-header-display":"","site-post-title":"","ast-breadcrumbs-content":"","ast-featured-img":"","footer-sml-layout":"","ast-disable-related-posts":"","theme-transparent-header-meta":"","adv-header-id-meta":"","stick-header-meta":"","header-above-stick-meta":"","header-main-stick-meta":"","header-below-stick-meta":"","astra-migrate-meta-layouts":"set","ast-page-background-enabled":"default","ast-page-background-meta":{"desktop":{"background-color":"var(--ast-global-color-4)","background-image":"","background-repeat":"repeat","background-position":"center center","background-size":"auto","background-attachment":"scroll","background-type":"","background-media":"","overlay-type":"","overlay-color":"","overlay-opacity":"","overlay-gradient":""},"tablet":{"background-color":"","background-image":"","background-repeat":"repeat","background-position":"center center","background-size":"auto","background-attachment":"scroll","background-type":"","background-media":"","overlay-type":"","overlay-color":"","overlay-opacity":"","overlay-gradient":""},"mobile":{"background-color":"","background-image":"","background-repeat":"repeat","background-position":"center center","background-size":"auto","background-attachment":"scroll","background-type":"","background-media":"","overlay-type":"","overlay-color":"","overlay-opacity":"","overlay-gradient":""}},"ast-content-background-meta":{"desktop":{"background-color":"var(--ast-global-color-5)","background-image":"","background-repeat":"repeat","background-position":"center center","background-size":"auto","background-attachment":"scroll","background-type":"","background-media":"","overlay-type":"","overlay-color":"","overlay-opacity":"","overlay-gradient":""},"tablet":{"background-color":"var(--ast-global-color-5)","background-image":"","background-repeat":"repeat","background-position":"center center","background-size":"auto","background-attachment":"scroll","background-type":"","background-media":"","overlay-type":"","overlay-color":"","overlay-opacity":"","overlay-gradient":""},"mobile":{"background-color":"var(--ast-global-color-5)","background-image":"","background-repeat":"repeat","background-position":"center center","background-size":"auto","background-attachment":"scroll","background-type":"","background-media":"","overlay-type":"","overlay-color":"","overlay-opacity":"","overlay-gradient":""}},"footnotes":""},"class_list":["post-1673","page","type-page","status-publish","hentry"],"_links":{"self":[{"href":"https:\/\/vihti-gym.fi\/index.php\/wp-json\/wp\/v2\/pages\/1673","targetHints":{"allow":["GET"]}}],"collection":[{"href":"https:\/\/vihti-gym.fi\/index.php\/wp-json\/wp\/v2\/pages"}],"about":[{"href":"https:\/\/vihti-gym.fi\/index.php\/wp-json\/wp\/v2\/types\/page"}],"author":[{"embeddable":true,"href":"https:\/\/vihti-gym.fi\/index.php\/wp-json\/wp\/v2\/users\/3"}],"replies":[{"embeddable":true,"href":"https:\/\/vihti-gym.fi\/index.php\/wp-json\/wp\/v2\/comments?post=1673"}],"version-history":[{"count":9,"href":"https:\/\/vihti-gym.fi\/index.php\/wp-json\/wp\/v2\/pages\/1673\/revisions"}],"predecessor-version":[{"id":2393,"href":"https:\/\/vihti-gym.fi\/index.php\/wp-json\/wp\/v2\/pages\/1673\/revisions\/2393"}],"wp:attachment":[{"href":"https:\/\/vihti-gym.fi\/index.php\/wp-json\/wp\/v2\/media?parent=1673"}],"curies":[{"name":"wp","href":"https:\/\/api.w.org\/{rel}","templated":true}]}}