{"id":1582,"date":"2023-07-11T11:48:12","date_gmt":"2023-07-11T08:48:12","guid":{"rendered":"https:\/\/vihti-gym.fi\/?page_id=1582"},"modified":"2026-03-13T08:57:24","modified_gmt":"2026-03-13T06:57:24","slug":"lilia-2016-2018","status":"publish","type":"page","link":"https:\/\/vihti-gym.fi\/index.php\/lilia-2016-2018\/","title":{"rendered":"Amelia 2016-2018"},"content":{"rendered":"\n<figure class=\"wp-block-image size-large\"><img loading=\"lazy\" decoding=\"async\" width=\"1024\" height=\"682\" src=\"https:\/\/vihti-gym.fi\/wp-content\/uploads\/2021\/12\/vihtigym_lores-42-1024x682.jpg\" alt=\"\" class=\"wp-image-632\" srcset=\"https:\/\/vihti-gym.fi\/wp-content\/uploads\/2021\/12\/vihtigym_lores-42-1024x682.jpg 1024w, https:\/\/vihti-gym.fi\/wp-content\/uploads\/2021\/12\/vihtigym_lores-42-300x200.jpg 300w, https:\/\/vihti-gym.fi\/wp-content\/uploads\/2021\/12\/vihtigym_lores-42-768x512.jpg 768w, https:\/\/vihti-gym.fi\/wp-content\/uploads\/2021\/12\/vihtigym_lores-42-1536x1024.jpg 1536w, https:\/\/vihti-gym.fi\/wp-content\/uploads\/2021\/12\/vihtigym_lores-42.jpg 2000w\" sizes=\"auto, (max-width: 1024px) 100vw, 1024px\" \/><figcaption class=\"wp-element-caption\">Kuva: Pietari Hatanpaa<\/figcaption><\/figure>\n\n\n\n<p>Amelia -tiimiss\u00e4 voimistelee t\u00e4ll\u00e4 20 voimistelijaa, jotka ovat jaettu kahteen joukkueeseen Amelia Lux ja Amelia Lila. Kev\u00e4\u00e4ll\u00e4 2026 Amelia Lux nousee kilpailemaan 8-10 -vuotiaiden sarjaan ja Amelia Lila 8-12 harrastesarjaan.<\/p>\n\n\n\n<p>Joukkueen harjoitukset kaudella 2025-2026:<\/p>\n\n\n\n<div class=\"wp-block-columns is-layout-flex wp-container-core-columns-is-layout-28f84493 wp-block-columns-is-layout-flex\">\n<div class=\"wp-block-column is-layout-flow wp-block-column-is-layout-flow\" style=\"flex-basis:100%\">\n<figure class=\"wp-block-table\"><table><tbody><tr><td><strong>Amelia V<\/strong><\/td><td><\/td><\/tr><tr><td>Maanantai klo 17:00 &#8211; 18:30<\/td><td>Huhmarnummen koulu<\/td><\/tr><tr><td>Torstai klo 17:00 &#8211; 18:30<\/td><td>Kamppailusali, Kuoppanummen koulu<\/td><\/tr><tr><td>Sunnuntai klo 14-16<\/td><td>Palloilusali, Kuoppanummen koulu<\/td><\/tr><tr><td><strong>Amelia G<\/strong><\/td><td><\/td><\/tr><tr><td>Tiistai klo 17:30 &#8211; 19:00<\/td><td>Palloilusali, Kuoppanummen koulu<\/td><\/tr><tr><td>Sunnuntai klo 16:00 &#8211; 18:00<\/td><td>Palloilusali, Kuoppanummen koulu<\/td><\/tr><\/tbody><\/table><\/figure>\n\n\n\n<p><\/p>\n<\/div>\n<\/div>\n\n\n\n<p><\/p>\n\n\n\n<p>Joukkueiden vastuuvalmentajina toimivat seuran pitk\u00e4aikaiset joukkuevoimistelun valmentajat Helen Haapala ja Roosa J\u00e4rventausta. Lis\u00e4ksi valmennustiimiin kuuluvat Fanni Jokiranta, Lumi Lehto ja Serafiina Suominen. <a href=\"https:\/\/vihti-gym.fi\/index.php\/voimisteluvalmentajat\/\" target=\"_blank\" rel=\"noreferrer noopener\">T\u00e4\u00e4lt\u00e4 <\/a>p\u00e4\u00e4set tutustumaan valmentajiin.<\/p>\n\n\n\n<p><\/p>\n\n\n\n<p><\/p>\n","protected":false},"excerpt":{"rendered":"<p>Amelia -tiimiss\u00e4 voimistelee t\u00e4ll\u00e4 20 voimistelijaa, jotka ovat jaettu kahteen joukkueeseen Amelia Lux ja Amelia Lila. Kev\u00e4\u00e4ll\u00e4 2026 Amelia Lux nousee kilpailemaan 8-10 -vuotiaiden sarjaan ja Amelia Lila 8-12 harrastesarjaan. Joukkueen harjoitukset kaudella 2025-2026: Amelia V Maanantai klo 17:00 &#8211; 18:30 Huhmarnummen koulu Torstai klo 17:00 &#8211; 18:30 Kamppailusali, Kuoppanummen koulu Sunnuntai klo 14-16 Palloilusali, [&hellip;]<\/p>\n","protected":false},"author":3,"featured_media":0,"parent":0,"menu_order":0,"comment_status":"closed","ping_status":"closed","template":"","meta":{"site-sidebar-layout":"default","site-content-layout":"","ast-site-content-layout":"default","site-content-style":"default","site-sidebar-style":"default","ast-global-header-display":"","ast-banner-title-visibility":"","ast-main-header-display":"","ast-hfb-above-header-display":"","ast-hfb-below-header-display":"","ast-hfb-mobile-header-display":"","site-post-title":"","ast-breadcrumbs-content":"","ast-featured-img":"","footer-sml-layout":"","ast-disable-related-posts":"","theme-transparent-header-meta":"","adv-header-id-meta":"","stick-header-meta":"","header-above-stick-meta":"","header-main-stick-meta":"","header-below-stick-meta":"","astra-migrate-meta-layouts":"set","ast-page-background-enabled":"default","ast-page-background-meta":{"desktop":{"background-color":"var(--ast-global-color-4)","background-image":"","background-repeat":"repeat","background-position":"center center","background-size":"auto","background-attachment":"scroll","background-type":"","background-media":"","overlay-type":"","overlay-color":"","overlay-opacity":"","overlay-gradient":""},"tablet":{"background-color":"","background-image":"","background-repeat":"repeat","background-position":"center center","background-size":"auto","background-attachment":"scroll","background-type":"","background-media":"","overlay-type":"","overlay-color":"","overlay-opacity":"","overlay-gradient":""},"mobile":{"background-color":"","background-image":"","background-repeat":"repeat","background-position":"center center","background-size":"auto","background-attachment":"scroll","background-type":"","background-media":"","overlay-type":"","overlay-color":"","overlay-opacity":"","overlay-gradient":""}},"ast-content-background-meta":{"desktop":{"background-color":"var(--ast-global-color-5)","background-image":"","background-repeat":"repeat","background-position":"center center","background-size":"auto","background-attachment":"scroll","background-type":"","background-media":"","overlay-type":"","overlay-color":"","overlay-opacity":"","overlay-gradient":""},"tablet":{"background-color":"var(--ast-global-color-5)","background-image":"","background-repeat":"repeat","background-position":"center center","background-size":"auto","background-attachment":"scroll","background-type":"","background-media":"","overlay-type":"","overlay-color":"","overlay-opacity":"","overlay-gradient":""},"mobile":{"background-color":"var(--ast-global-color-5)","background-image":"","background-repeat":"repeat","background-position":"center center","background-size":"auto","background-attachment":"scroll","background-type":"","background-media":"","overlay-type":"","overlay-color":"","overlay-opacity":"","overlay-gradient":""}},"footnotes":""},"class_list":["post-1582","page","type-page","status-publish","hentry"],"_links":{"self":[{"href":"https:\/\/vihti-gym.fi\/index.php\/wp-json\/wp\/v2\/pages\/1582","targetHints":{"allow":["GET"]}}],"collection":[{"href":"https:\/\/vihti-gym.fi\/index.php\/wp-json\/wp\/v2\/pages"}],"about":[{"href":"https:\/\/vihti-gym.fi\/index.php\/wp-json\/wp\/v2\/types\/page"}],"author":[{"embeddable":true,"href":"https:\/\/vihti-gym.fi\/index.php\/wp-json\/wp\/v2\/users\/3"}],"replies":[{"embeddable":true,"href":"https:\/\/vihti-gym.fi\/index.php\/wp-json\/wp\/v2\/comments?post=1582"}],"version-history":[{"count":12,"href":"https:\/\/vihti-gym.fi\/index.php\/wp-json\/wp\/v2\/pages\/1582\/revisions"}],"predecessor-version":[{"id":2667,"href":"https:\/\/vihti-gym.fi\/index.php\/wp-json\/wp\/v2\/pages\/1582\/revisions\/2667"}],"wp:attachment":[{"href":"https:\/\/vihti-gym.fi\/index.php\/wp-json\/wp\/v2\/media?parent=1582"}],"curies":[{"name":"wp","href":"https:\/\/api.w.org\/{rel}","templated":true}]}}