{"id":1294,"date":"2022-08-19T08:41:44","date_gmt":"2022-08-19T05:41:44","guid":{"rendered":"https:\/\/vihti-gym.fi\/?page_id=1294"},"modified":"2025-06-24T21:25:50","modified_gmt":"2025-06-24T18:25:50","slug":"cheerleading-valmentajat","status":"publish","type":"page","link":"https:\/\/vihti-gym.fi\/index.php\/cheerleading-valmentajat\/","title":{"rendered":"Cheerleading valmentajat"},"content":{"rendered":"\n<p><strong>Inka K\u00e4rkk\u00e4inen<\/strong><\/p>\n\n\n\n<ul class=\"wp-block-list\">\n<li>Velocity<\/li>\n\n\n\n<li>Velvet<\/li>\n<\/ul>\n\n\n\n<p>Heippa! Olen Inka K\u00e4rkk\u00e4inen,&nbsp; yksi Vihti-Gymin kilpacheerleading valmentajista. Vapaa-ajalla valmennan nuoria urheilijoita kohti unelmiaan lajin parissa. Itse olen ollut osana Vihti-Gymi\u00e4 pienest\u00e4 pit\u00e4en urheilijana, mutta loukkaantumisten vuoksi minun urheilijan polku p\u00e4\u00e4ttyi.<\/p>\n\n\n\n<p>Cheerleadingista minulla on seitsem\u00e4n vuoden verran lajikokemusta, sek\u00e4 leveleist\u00e4 1\u20135. Olen toiminut Vihti-Gymiss\u00e4 valmentajana l\u00e4hemm\u00e4s viisi vuotta ja p\u00e4\u00e4ssyt valmentamaan seuraavia kilpajoukkueita; Vigor (lvl 4), Vidal (lvl 1) sek\u00e4&nbsp;Virtual (lvl3). My\u00f6s harrastejoukkue Alkuvoimaa olen p\u00e4\u00e4ssyt valmentamaan. Tulevalla kaudella valmennan Velocity\u00e4 ja Velvet joukkuetta.<\/p>\n\n\n\n<p>&nbsp;<\/p>\n\n\n\n<p><strong>Sue Haaksi<\/strong><\/p>\n\n\n\n<ul class=\"wp-block-list\">\n<li>Viable<\/li>\n\n\n\n<li>Vista<\/li>\n<\/ul>\n\n\n\n<p>Olen Sue Haaksi, klassikko ik\u00e4inen cheerleader ja valmennan kaudella 2025-2026 Viable ja Vista joukkueita, lis\u00e4ksi olen Vihti-Gymin johtokunnassa ja toimin Cheerleadingin lajivastaavana. Olen aiemmin harrastanut karatea, laitesukellusta sek\u00e4 pelasin lentoapalloa 35 vuotta aina 1 sarjatasolle asti. Lentopallosta minulla 1 valmentajatutkinto. Tytt\u00e4reni on treenannut useamman vuoden\u00a0cheerleadingi\u00e4 ja treenikuskin pesti on johtanut siihen, ett\u00e4 viimeisen\u00a0\u00a07 vuoden ajan olen itsekin\u00a0\u00a0harrastanut lajia Vihti-Gymin Voima joukkueessa ja valmennushommia olen tehnyt seurassa 5 vuotta. Minut tavoittaa s\u00e4hk\u00f6postilla sue@vihti-gym.fi.<\/p>\n\n\n\n<p><\/p>\n\n\n\n<p><\/p>\n\n\n\n<p><\/p>\n\n\n\n<p><\/p>\n","protected":false},"excerpt":{"rendered":"<p>Inka K\u00e4rkk\u00e4inen Heippa! Olen Inka K\u00e4rkk\u00e4inen,&nbsp; yksi Vihti-Gymin kilpacheerleading valmentajista. Vapaa-ajalla valmennan nuoria urheilijoita kohti unelmiaan lajin parissa. Itse olen ollut osana Vihti-Gymi\u00e4 pienest\u00e4 pit\u00e4en urheilijana, mutta loukkaantumisten vuoksi minun urheilijan polku p\u00e4\u00e4ttyi. Cheerleadingista minulla on seitsem\u00e4n vuoden verran lajikokemusta, sek\u00e4 leveleist\u00e4 1\u20135. Olen toiminut Vihti-Gymiss\u00e4 valmentajana l\u00e4hemm\u00e4s viisi vuotta ja p\u00e4\u00e4ssyt valmentamaan seuraavia kilpajoukkueita; [&hellip;]<\/p>\n","protected":false},"author":3,"featured_media":0,"parent":0,"menu_order":0,"comment_status":"closed","ping_status":"closed","template":"","meta":{"site-sidebar-layout":"default","site-content-layout":"","ast-site-content-layout":"default","site-content-style":"default","site-sidebar-style":"default","ast-global-header-display":"","ast-banner-title-visibility":"","ast-main-header-display":"","ast-hfb-above-header-display":"","ast-hfb-below-header-display":"","ast-hfb-mobile-header-display":"","site-post-title":"","ast-breadcrumbs-content":"","ast-featured-img":"","footer-sml-layout":"","ast-disable-related-posts":"","theme-transparent-header-meta":"","adv-header-id-meta":"","stick-header-meta":"","header-above-stick-meta":"","header-main-stick-meta":"","header-below-stick-meta":"","astra-migrate-meta-layouts":"set","ast-page-background-enabled":"default","ast-page-background-meta":{"desktop":{"background-color":"var(--ast-global-color-4)","background-image":"","background-repeat":"repeat","background-position":"center center","background-size":"auto","background-attachment":"scroll","background-type":"","background-media":"","overlay-type":"","overlay-color":"","overlay-opacity":"","overlay-gradient":""},"tablet":{"background-color":"","background-image":"","background-repeat":"repeat","background-position":"center center","background-size":"auto","background-attachment":"scroll","background-type":"","background-media":"","overlay-type":"","overlay-color":"","overlay-opacity":"","overlay-gradient":""},"mobile":{"background-color":"","background-image":"","background-repeat":"repeat","background-position":"center center","background-size":"auto","background-attachment":"scroll","background-type":"","background-media":"","overlay-type":"","overlay-color":"","overlay-opacity":"","overlay-gradient":""}},"ast-content-background-meta":{"desktop":{"background-color":"var(--ast-global-color-5)","background-image":"","background-repeat":"repeat","background-position":"center center","background-size":"auto","background-attachment":"scroll","background-type":"","background-media":"","overlay-type":"","overlay-color":"","overlay-opacity":"","overlay-gradient":""},"tablet":{"background-color":"var(--ast-global-color-5)","background-image":"","background-repeat":"repeat","background-position":"center center","background-size":"auto","background-attachment":"scroll","background-type":"","background-media":"","overlay-type":"","overlay-color":"","overlay-opacity":"","overlay-gradient":""},"mobile":{"background-color":"var(--ast-global-color-5)","background-image":"","background-repeat":"repeat","background-position":"center center","background-size":"auto","background-attachment":"scroll","background-type":"","background-media":"","overlay-type":"","overlay-color":"","overlay-opacity":"","overlay-gradient":""}},"footnotes":""},"class_list":["post-1294","page","type-page","status-publish","hentry"],"_links":{"self":[{"href":"https:\/\/vihti-gym.fi\/index.php\/wp-json\/wp\/v2\/pages\/1294","targetHints":{"allow":["GET"]}}],"collection":[{"href":"https:\/\/vihti-gym.fi\/index.php\/wp-json\/wp\/v2\/pages"}],"about":[{"href":"https:\/\/vihti-gym.fi\/index.php\/wp-json\/wp\/v2\/types\/page"}],"author":[{"embeddable":true,"href":"https:\/\/vihti-gym.fi\/index.php\/wp-json\/wp\/v2\/users\/3"}],"replies":[{"embeddable":true,"href":"https:\/\/vihti-gym.fi\/index.php\/wp-json\/wp\/v2\/comments?post=1294"}],"version-history":[{"count":17,"href":"https:\/\/vihti-gym.fi\/index.php\/wp-json\/wp\/v2\/pages\/1294\/revisions"}],"predecessor-version":[{"id":2417,"href":"https:\/\/vihti-gym.fi\/index.php\/wp-json\/wp\/v2\/pages\/1294\/revisions\/2417"}],"wp:attachment":[{"href":"https:\/\/vihti-gym.fi\/index.php\/wp-json\/wp\/v2\/media?parent=1294"}],"curies":[{"name":"wp","href":"https:\/\/api.w.org\/{rel}","templated":true}]}}